{"id":290,"date":"2022-03-19T17:44:29","date_gmt":"2022-03-19T17:44:29","guid":{"rendered":"https:\/\/seniorerhverv.org\/vestegnen\/?page_id=290"},"modified":"2022-07-04T13:34:00","modified_gmt":"2022-07-04T13:34:00","slug":"cv-katalog","status":"publish","type":"page","link":"https:\/\/seniorerhverv.org\/vestegnen\/cv-katalog\/","title":{"rendered":"CV-katalog"},"content":{"rendered":"\t\t<div data-elementor-type=\"wp-page\" data-elementor-id=\"290\" class=\"elementor elementor-290\" data-elementor-settings=\"[]\">\n\t\t\t\t\t\t\t<div class=\"elementor-section-wrap\">\n\t\t\t\t\t\t\t<section data-particle_enable=\"false\" data-particle-mobile-disabled=\"false\" class=\"elementor-section elementor-top-section elementor-element elementor-element-1afa0b2 elementor-section-boxed elementor-section-height-default elementor-section-height-default\" data-id=\"1afa0b2\" data-element_type=\"section\">\n\t\t\t\t\t\t<div class=\"elementor-container elementor-column-gap-no\">\n\t\t\t\t\t<div class=\"elementor-column elementor-col-100 elementor-top-column elementor-element elementor-element-c572810 box-container\" data-id=\"c572810\" data-element_type=\"column\">\n\t\t\t<div class=\"elementor-widget-wrap elementor-element-populated\">\n\t\t\t\t\t\t\t\t<div class=\"elementor-element elementor-element-5f42150 elementor-widget elementor-widget-text-editor\" data-id=\"5f42150\" data-element_type=\"widget\" data-widget_type=\"text-editor.default\">\n\t\t\t\t<div class=\"elementor-widget-container\">\n\t\t\t\t\t\t\t<p><span style=\"font-family: helvetica, arial, sans-serif;\">Her kan du v\u00e6lge, om din nye medarbejder skal v\u00e6re p\u00e5 fuld tid, deltid eller tidsafgr\u00e6nset.<\/span><\/p><ul class=\"pil\"><li><span style=\"font-family: helvetica, arial, sans-serif;\">Du b\u00f8r ogs\u00e5 v\u00e6lge hjemstedskommune for arbejdspladsen.<\/span><\/li><li><span style=\"font-family: helvetica, arial, sans-serif;\">N\u00e5r listen med billeder og mini-CV er fremme, kan du klikke p\u00e5 billede eller tekst, hvorved det fulde CV fremkommer.<\/span><\/li><li><span style=\"font-family: helvetica, arial, sans-serif;\">Du kan ogs\u00e5 udskrive Mini-CV&#8217;erne med billeder.<\/span><\/li><li><span style=\"font-family: helvetica, arial, sans-serif;\">Sorteringen starter med det arbejdssted (kommune), der v\u00e6lges.<\/span><\/li><\/ul><p>\u00a0<\/p><p><span style=\"font-size: 14pt; font-family: helvetica, arial, sans-serif;\"><em><strong>Hvis s\u00f8gefelter mangler, s\u00e5\u00a0<a href=\"https:\/\/seniorerhverv.org\/vestegnen\/cv-katalog\/\">klik her<\/a>\u00a0eller klik p\u00e5 &#8220;Vis alt Indhold&#8221; nederst p\u00e5 siden<\/strong><\/em><\/span><\/p>\t\t\t\t\t\t<\/div>\n\t\t\t\t<\/div>\n\t\t\t\t<div class=\"elementor-element elementor-element-0d4cfde elementor-align-center elementor-widget elementor-widget-button\" data-id=\"0d4cfde\" data-element_type=\"widget\" data-widget_type=\"button.default\">\n\t\t\t\t<div class=\"elementor-widget-container\">\n\t\t\t\t\t<div class=\"elementor-button-wrapper\">\n\t\t\t<a href=\"https:\/\/medlem.senior-erhverv.dk\/cv\/2600\" target=\"_blank\" class=\"elementor-button-link elementor-button elementor-size-sm\" role=\"button\">\n\t\t\t\t\t\t<span class=\"elementor-button-content-wrapper\">\n\t\t\t\t\t\t<span class=\"elementor-button-text\">Til CV-databasen<\/span>\n\t\t<\/span>\n\t\t\t\t\t<\/a>\n\t\t<\/div>\n\t\t\t\t<\/div>\n\t\t\t\t<\/div>\n\t\t\t\t<div class=\"elementor-element elementor-element-7f031e1 elementor-widget elementor-widget-image\" data-id=\"7f031e1\" data-element_type=\"widget\" data-widget_type=\"image.default\">\n\t\t\t\t<div class=\"elementor-widget-container\">\n\t\t\t\t\t\t\t\t\t\t\t\t\t\t\t<img width=\"700\" height=\"180\" src=\"https:\/\/seniorerhverv.org\/vestegnen\/wp-content\/uploads\/sites\/23\/2021\/09\/walden-pond.jpg\" class=\"attachment-full size-full\" alt=\"\" loading=\"lazy\" srcset=\"https:\/\/seniorerhverv.org\/vestegnen\/wp-content\/uploads\/sites\/23\/2021\/09\/walden-pond.jpg 700w, https:\/\/seniorerhverv.org\/vestegnen\/wp-content\/uploads\/sites\/23\/2021\/09\/walden-pond-300x77.jpg 300w\" sizes=\"(max-width: 700px) 100vw, 700px\" \/>\t\t\t\t\t\t\t\t\t\t\t\t\t\t\t<\/div>\n\t\t\t\t<\/div>\n\t\t\t\t\t<\/div>\n\t\t<\/div>\n\t\t\t\t\t\t\t<\/div>\n\t\t<\/section>\n\t\t\t\t\t\t<\/div>\n\t\t\t\t\t<\/div>\n\t\t"},"excerpt":{"rendered":"<p>Her kan du v\u00e6lge, om din nye medarbejder skal v\u00e6re p\u00e5 fuld tid, deltid eller tidsafgr\u00e6nset. Du b\u00f8r ogs\u00e5 v\u00e6lge hjemstedskommune for arbejdspladsen. N\u00e5r listen med billeder og mini-CV er fremme, kan du klikke p\u00e5 billede eller tekst, hvorved det fulde CV fremkommer. Du kan ogs\u00e5 udskrive Mini-CV&#8217;erne med billeder. Sorteringen starter med det arbejdssted [&hellip;]<\/p>\n","protected":false},"author":23,"featured_media":0,"parent":0,"menu_order":0,"comment_status":"closed","ping_status":"closed","template":"elementor_header_footer","meta":[],"x_date":"marts 19, 2022","x_author":"vestegnen","x_gravatar":"https:\/\/secure.gravatar.com\/avatar\/61c3eb3184fdebaf3381593fddc80b56?s=96&d=mm&r=g","x_metadata":{"_elementor_edit_mode":"builder","_elementor_template_type":"wp-page","_elementor_version":"3.4.4","_elementor_pro_version":"3.2.1","_elementor_page_settings":{"eael_ext_toc_title":"Table of Contents"},"_elementor_data":"[{\"id\":\"1afa0b2\",\"elType\":\"section\",\"settings\":{\"gap\":\"no\",\"margin\":{\"unit\":\"px\",\"top\":\"10\",\"right\":0,\"bottom\":\"10\",\"left\":0,\"isLinked\":true}},\"elements\":[{\"id\":\"c572810\",\"elType\":\"column\",\"settings\":{\"_column_size\":100,\"_inline_size\":null,\"padding\":{\"unit\":\"px\",\"top\":\"30\",\"right\":\"30\",\"bottom\":\"30\",\"left\":\"30\",\"isLinked\":true},\"css_classes\":\"box-container\"},\"elements\":[{\"id\":\"5f42150\",\"elType\":\"widget\",\"settings\":{\"editor\":\"<p><span style=\\\"font-family: helvetica, arial, sans-serif;\\\">Her kan du v\\u00e6lge, om din nye medarbejder skal v\\u00e6re p\\u00e5 fuld tid, deltid eller tidsafgr\\u00e6nset.<\\\/span><\\\/p><ul class=\\\"pil\\\"><li><span style=\\\"font-family: helvetica, arial, sans-serif;\\\">Du b\\u00f8r ogs\\u00e5 v\\u00e6lge hjemstedskommune for arbejdspladsen.<\\\/span><\\\/li><li><span style=\\\"font-family: helvetica, arial, sans-serif;\\\">N\\u00e5r listen med billeder og mini-CV er fremme, kan du klikke p\\u00e5 billede eller tekst, hvorved det fulde CV fremkommer.<\\\/span><\\\/li><li><span style=\\\"font-family: helvetica, arial, sans-serif;\\\">Du kan ogs\\u00e5 udskrive Mini-CV'erne med billeder.<\\\/span><\\\/li><li><span style=\\\"font-family: helvetica, arial, sans-serif;\\\">Sorteringen starter med det arbejdssted (kommune), der v\\u00e6lges.<\\\/span><\\\/li><\\\/ul><p>\\u00a0<\\\/p><p><span style=\\\"font-size: 14pt; font-family: helvetica, arial, sans-serif;\\\"><em><strong>Hvis s\\u00f8gefelter mangler, s\\u00e5\\u00a0<a href=\\\"https:\\\/\\\/seniorerhverv.org\\\/vestegnen\\\/cv-katalog\\\/\\\">klik her<\\\/a>\\u00a0eller klik p\\u00e5 \\\"Vis alt Indhold\\\" nederst p\\u00e5 siden<\\\/strong><\\\/em><\\\/span><\\\/p>\",\"eael_tooltip_section_content\":\"I am a tooltip\",\"eael_ext_content_protection_password_placeholder\":\"Enter Password\",\"eael_ext_content_protection_password_submit_btn_txt\":\"Submit\"},\"elements\":[],\"widgetType\":\"text-editor\"},{\"id\":\"0d4cfde\",\"elType\":\"widget\",\"settings\":{\"text\":\"Til CV-databasen\",\"link\":{\"url\":\"https:\\\/\\\/medlem.senior-erhverv.dk\\\/cv\\\/2600\",\"is_external\":\"on\",\"nofollow\":\"\",\"custom_attributes\":\"\"},\"align\":\"center\",\"typography_typography\":\"custom\",\"typography_font_size\":{\"unit\":\"px\",\"size\":18,\"sizes\":[]},\"button_text_color\":\"#FFFFFF\",\"background_color\":\"#0077BB\",\"border_radius\":{\"unit\":\"px\",\"top\":\"6\",\"right\":\"6\",\"bottom\":\"6\",\"left\":\"6\",\"isLinked\":true},\"text_padding\":{\"unit\":\"px\",\"top\":\"15\",\"right\":\"100\",\"bottom\":\"15\",\"left\":\"100\",\"isLinked\":false},\"eael_tooltip_section_content\":\"I am a tooltip\",\"eael_ext_content_protection_password_placeholder\":\"Enter Password\",\"eael_ext_content_protection_password_submit_btn_txt\":\"Submit\",\"button_background_hover_color\":\"#005190\",\"custom_css\":\"selector .elementor-button-link {\\n    border: 2px solid #000;\\n    border-top-color: #555;\\n    border-left-color: #555;\\n}\\nselector .elementor-button-link:active {\\n    border-color: #000 #555 #555 #000;\\n}\"},\"elements\":[],\"widgetType\":\"button\"},{\"id\":\"7f031e1\",\"elType\":\"widget\",\"settings\":{\"image\":{\"url\":\"https:\\\/\\\/seniorerhverv.org\\\/vestegnen\\\/wp-content\\\/uploads\\\/sites\\\/23\\\/2021\\\/09\\\/walden-pond.jpg\",\"id\":249,\"alt\":\"\",\"source\":\"library\"},\"image_size\":\"full\",\"_margin\":{\"unit\":\"px\",\"top\":\"20\",\"right\":\"0\",\"bottom\":\"0\",\"left\":\"0\",\"isLinked\":false},\"eael_tooltip_section_content\":\"I am a tooltip\",\"eael_ext_content_protection_password_placeholder\":\"Enter Password\",\"eael_ext_content_protection_password_submit_btn_txt\":\"Submit\"},\"elements\":[],\"widgetType\":\"image\"}],\"isInner\":false}],\"isInner\":false}]","_elementor_page_assets":[],"_elementor_controls_usage":{"text-editor":{"count":1,"control_percent":0,"controls":{"content":{"section_editor":{"editor":1}}}},"button":{"count":1,"control_percent":3,"controls":{"content":{"section_button":{"text":1,"link":1,"align":1}},"style":{"section_style":{"typography_typography":1,"typography_font_size":1,"button_text_color":1,"background_color":1,"border_radius":1,"text_padding":1,"button_background_hover_color":1}},"advanced":{"section_custom_css":{"custom_css":1}}}},"image":{"count":1,"control_percent":1,"controls":{"content":{"section_image":{"image":1,"image_size":1}},"advanced":{"_section_style":{"_margin":1}}}},"column":{"count":1,"control_percent":1,"controls":{"layout":{"layout":{"_inline_size":1}},"advanced":{"section_advanced":{"padding":1,"css_classes":1}}}},"section":{"count":1,"control_percent":1,"controls":{"layout":{"section_layout":{"gap":1}},"advanced":{"section_advanced":{"margin":1}}}}},"_elementor_css":{"time":1663830702,"fonts":[],"icons":[""],"dynamic_elements_ids":[],"status":"file","0":""},"_eael_custom_js":""},"_links":{"self":[{"href":"https:\/\/seniorerhverv.org\/vestegnen\/wp-json\/wp\/v2\/pages\/290"}],"collection":[{"href":"https:\/\/seniorerhverv.org\/vestegnen\/wp-json\/wp\/v2\/pages"}],"about":[{"href":"https:\/\/seniorerhverv.org\/vestegnen\/wp-json\/wp\/v2\/types\/page"}],"author":[{"embeddable":true,"href":"https:\/\/seniorerhverv.org\/vestegnen\/wp-json\/wp\/v2\/users\/23"}],"replies":[{"embeddable":true,"href":"https:\/\/seniorerhverv.org\/vestegnen\/wp-json\/wp\/v2\/comments?post=290"}],"version-history":[{"count":0,"href":"https:\/\/seniorerhverv.org\/vestegnen\/wp-json\/wp\/v2\/pages\/290\/revisions"}],"wp:attachment":[{"href":"https:\/\/seniorerhverv.org\/vestegnen\/wp-json\/wp\/v2\/media?parent=290"}],"curies":[{"name":"wp","href":"https:\/\/api.w.org\/{rel}","templated":true}]}}

<div data-elementor-type="wp-page" data-elementor-id="290" class="elementor elementor-290" data-elementor-settings="[]">
							<div class="elementor-section-wrap">
							<section data-particle_enable="false" data-particle-mobile-disabled="false" class="elementor-section elementor-top-section elementor-element elementor-element-1afa0b2 elementor-section-boxed elementor-section-height-default elementor-section-height-default" data-id="1afa0b2" data-element_type="section">
						<div class="elementor-container elementor-column-gap-no">
					<div class="elementor-column elementor-col-100 elementor-top-column elementor-element elementor-element-c572810 box-container" data-id="c572810" data-element_type="column">
			<div class="elementor-widget-wrap elementor-element-populated">
								<div class="elementor-element elementor-element-5f42150 elementor-widget elementor-widget-text-editor" data-id="5f42150" data-element_type="widget" data-widget_type="text-editor.default">
				<div class="elementor-widget-container">
							<p><span style="font-family: helvetica, arial, sans-serif;">Her kan du vælge, om din nye medarbejder skal være på fuld tid, deltid eller tidsafgrænset.</span></p><ul class="pil"><li><span style="font-family: helvetica, arial, sans-serif;">Du bør også vælge hjemstedskommune for arbejdspladsen.</span></li><li><span style="font-family: helvetica, arial, sans-serif;">Når listen med billeder og mini-CV er fremme, kan du klikke på billede eller tekst, hvorved det fulde CV fremkommer.</span></li><li><span style="font-family: helvetica, arial, sans-serif;">Du kan også udskrive Mini-CV&#8217;erne med billeder.</span></li><li><span style="font-family: helvetica, arial, sans-serif;">Sorteringen starter med det arbejdssted (kommune), der vælges.</span></li></ul><p> </p><p><span style="font-size: 14pt; font-family: helvetica, arial, sans-serif;"><em><strong>Hvis søgefelter mangler, så <a href="https://seniorerhverv.org/vestegnen/cv-katalog/">klik her</a> eller klik på &#8220;Vis alt Indhold&#8221; nederst på siden</strong></em></span></p>						</div>
				</div>
				<div class="elementor-element elementor-element-0d4cfde elementor-align-center elementor-widget elementor-widget-button" data-id="0d4cfde" data-element_type="widget" data-widget_type="button.default">
				<div class="elementor-widget-container">
					<div class="elementor-button-wrapper">
			<a href="https://medlem.senior-erhverv.dk/cv/2600" target="_blank" class="elementor-button-link elementor-button elementor-size-sm" role="button">
						<span class="elementor-button-content-wrapper">
						<span class="elementor-button-text">Til CV-databasen</span>
		</span>
					</a>
		</div>
				</div>
				</div>
				<div class="elementor-element elementor-element-7f031e1 elementor-widget elementor-widget-image" data-id="7f031e1" data-element_type="widget" data-widget_type="image.default">
				<div class="elementor-widget-container">
															<img width="700" height="180" src="https://seniorerhverv.org/vestegnen/wp-content/uploads/sites/23/2021/09/walden-pond.jpg" class="attachment-full size-full" alt="" loading="lazy" srcset="https://seniorerhverv.org/vestegnen/wp-content/uploads/sites/23/2021/09/walden-pond.jpg 700w, https://seniorerhverv.org/vestegnen/wp-content/uploads/sites/23/2021/09/walden-pond-300x77.jpg 300w" sizes="(max-width: 700px) 100vw, 700px" />															</div>
				</div>
					</div>
		</div>
							</div>
		</section>
						</div>
					</div>

<p>Her kan du vælge, om din nye medarbejder skal være på fuld tid, deltid eller tidsafgrænset. Du bør også vælge hjemstedskommune for arbejdspladsen. Når listen med billeder og mini-CV er fremme, kan du klikke på billede eller tekst, hvorved det fulde CV fremkommer. Du kan også udskrive Mini-CV&#8217;erne med billeder. Sorteringen starter med det arbejdssted [&hellip;]</p>
