{"id":376,"date":"2022-06-20T11:04:59","date_gmt":"2022-06-20T11:04:59","guid":{"rendered":"https:\/\/seniorerhverv.org\/nordjylland\/?page_id=376"},"modified":"2024-08-05T09:00:08","modified_gmt":"2024-08-05T09:00:08","slug":"bliv-medlem","status":"publish","type":"page","link":"https:\/\/seniorerhverv.org\/nordjylland\/bliv-medlem\/","title":{"rendered":"Bliv medlem"},"content":{"rendered":"\t\t<div data-elementor-type=\"wp-page\" data-elementor-id=\"376\" class=\"elementor elementor-376\" data-elementor-settings=\"[]\">\n\t\t\t\t\t\t\t<div class=\"elementor-section-wrap\">\n\t\t\t\t\t\t\t<section data-particle_enable=\"false\" data-particle-mobile-disabled=\"false\" class=\"elementor-section elementor-top-section elementor-element elementor-element-4f6a804 elementor-section-full_width elementor-section-height-default elementor-section-height-default\" data-id=\"4f6a804\" data-element_type=\"section\" data-settings=\"{&quot;background_background&quot;:&quot;classic&quot;}\">\n\t\t\t\t\t\t<div class=\"elementor-container elementor-column-gap-no\">\n\t\t\t\t\t<div class=\"elementor-column elementor-col-50 elementor-top-column elementor-element elementor-element-89c0d35\" data-id=\"89c0d35\" data-element_type=\"column\" data-settings=\"{&quot;background_background&quot;:&quot;classic&quot;}\">\n\t\t\t<div class=\"elementor-widget-wrap\">\n\t\t\t\t\t\t\t\t\t<\/div>\n\t\t<\/div>\n\t\t\t\t<div class=\"elementor-column elementor-col-50 elementor-top-column elementor-element elementor-element-bb48ea8\" data-id=\"bb48ea8\" data-element_type=\"column\">\n\t\t\t<div class=\"elementor-widget-wrap elementor-element-populated\">\n\t\t\t\t\t\t\t\t<div class=\"elementor-element elementor-element-a57fb4d elementor-widget elementor-widget-text-editor\" data-id=\"a57fb4d\" data-element_type=\"widget\" data-widget_type=\"text-editor.default\">\n\t\t\t\t<div class=\"elementor-widget-container\">\n\t\t\t\t\t\t\t<p><strong>Bliv medlem &#8211; bliv fundet<\/strong><\/p><p><span style=\"font-size: 12pt; color: #000000;\">Lad virksomheder s\u00f8ge efter dig og dine kvalifikationer. Gennem CV-katalog til virksomheders s\u00f8gning efter arbejdskraft.<\/span><strong><br \/><\/strong><\/p>\t\t\t\t\t\t<\/div>\n\t\t\t\t<\/div>\n\t\t\t\t\t<\/div>\n\t\t<\/div>\n\t\t\t\t\t\t\t<\/div>\n\t\t<\/section>\n\t\t\t\t<section data-particle_enable=\"false\" data-particle-mobile-disabled=\"false\" class=\"elementor-section elementor-top-section elementor-element elementor-element-e9e343e elementor-section-boxed elementor-section-height-default elementor-section-height-default\" data-id=\"e9e343e\" data-element_type=\"section\" data-settings=\"{&quot;background_background&quot;:&quot;classic&quot;}\">\n\t\t\t\t\t\t<div class=\"elementor-container elementor-column-gap-no\">\n\t\t\t\t\t<div class=\"elementor-column elementor-col-50 elementor-top-column elementor-element elementor-element-36069cf\" data-id=\"36069cf\" data-element_type=\"column\">\n\t\t\t<div class=\"elementor-widget-wrap elementor-element-populated\">\n\t\t\t\t\t\t\t\t<div class=\"elementor-element elementor-element-4528053 elementor-widget elementor-widget-text-editor\" data-id=\"4528053\" data-element_type=\"widget\" data-widget_type=\"text-editor.default\">\n\t\t\t\t<div class=\"elementor-widget-container\">\n\t\t\t\t\t\t\t<p><strong>Bliv en del af et netv\u00e6rk \u2013 der hj\u00e6lper dig n\u00e5r du s\u00f8ger job!<\/strong><\/p><p>Senior Erhverv er et netv\u00e6rk hvor du som medlem har bedre mulighed for at finde et nyt job!<\/p><p><strong>Du m\u00f8der andre jobs\u00f8gende 50+ \u00e5rige<\/strong>\u00a0der er i en situation tilsvarende din. \u00a0Vi er et supplement til alle andre. Vi er frivillige og vi er ikke en del af \u201dsystemet\u201d \u2013 hos os er f\u00e6llesskabet det vigtigste. \u00a0\u00a0<\/p><p><b>Vi giver hinanden sparring, finder nye gode ideer\u00a0<\/b>og indg\u00e5r i et f\u00e6llesskab. Vi kan hj\u00e6lpe hinanden med skrivning af ans\u00f8gninger og CV, der kan v\u00e6re en udfordring.<\/p><p>\u00a0<b>Du vil ogs\u00e5 kunne f\u00e5 input fra specialister og fagpersoner<\/b>, der holder opl\u00e6g eller foredrag, p\u00e5 temam\u00f8der. Du f\u00e5r adgang til kurser der kan give dig nye ideer og tanker, hvor vores kursus FLASH &#8211; din fremtid, helt sikkert vil give dig nye tanker og mere mod. Der er e-kurser der afvikles p\u00e5 internettet, der er to-dagskurser der ofte afholdes i Svendborg.<\/p><p>Alle kurser og tilbud er gratis, n\u00e5r f\u00f8rst kontingentet er betalt. \u00a0\u00a0\u00a0\u00a0\u00a0\u00a0\u00a0<\/p><p><b>At v\u00e6re jobs\u00f8gende 50+ \u00e5rige kan v\u00e6re sv\u00e6rt<\/b>, og ens hum\u00f8r kan blive p\u00e5virket. Derfor er det godt at m\u00f8des i et f\u00e6llesskab der kan l\u00f8fte b\u00e5de hum\u00f8ret og motivationen.<\/p><p><b>Du f\u00e5r ogs\u00e5 fri adgang til vores CV-database<\/b>, hvor arbejdsgiver i stort tal s\u00f8ger efter nye medarbejdere. \u00a0\u00a0<\/p><p><b>Vi er hinandens kollegaer imellem to jobs<\/b>. Derfor bestemmer du selv, hvor meget du vil have ud at dit medlemskab. Jobcenter og A-kasse st\u00f8tter dig i at du bruger tid i netv\u00e6rket Senior Erhverv, fordi det virker. Jo mere du m\u00f8der op, jo mere f\u00e5r du af det frivillige f\u00e6llesskab og dine jobmuligheder \u00f8ges. \u00a0\u00a0<\/p><p>Du kan h\u00f8re meget mere hos dit netv\u00e6rk!<\/p>\t\t\t\t\t\t<\/div>\n\t\t\t\t<\/div>\n\t\t\t\t\t<\/div>\n\t\t<\/div>\n\t\t\t\t<div class=\"elementor-column elementor-col-50 elementor-top-column elementor-element elementor-element-55d319d\" data-id=\"55d319d\" data-element_type=\"column\">\n\t\t\t<div class=\"elementor-widget-wrap elementor-element-populated\">\n\t\t\t\t\t\t\t\t<div class=\"elementor-element elementor-element-91889d3 eael-contact-form-7-button-full-width elementor-widget elementor-widget-eael-contact-form-7\" data-id=\"91889d3\" data-element_type=\"widget\" data-widget_type=\"eael-contact-form-7.default\">\n\t\t\t\t<div class=\"elementor-widget-container\">\n\t\t\t<div class=\"eael-contact-form-7-wrapper\">\n                <div class=\"eael-contact-form eael-contact-form-7 eael-contact-form-91889d3 placeholder-show eael-contact-form-align-center\"><div class=\"eael-contact-form-7-heading\"><\/div><div role=\"form\" class=\"wpcf7\" id=\"wpcf7-f308-o2\" lang=\"da-DK\" dir=\"ltr\">\n<div class=\"screen-reader-response\"><p role=\"status\" aria-live=\"polite\" aria-atomic=\"true\"><\/p> <ul><\/ul><\/div>\n<form action=\"\/nordjylland\/wp-json\/wp\/v2\/pages\/376#wpcf7-f308-o2\" method=\"post\" class=\"wpcf7-form init\" novalidate=\"novalidate\" data-status=\"init\">\n<div style=\"display: none;\">\n<input type=\"hidden\" name=\"_wpcf7\" value=\"308\" \/>\n<input type=\"hidden\" name=\"_wpcf7_version\" value=\"5.5.2\" \/>\n<input type=\"hidden\" name=\"_wpcf7_locale\" value=\"da_DK\" \/>\n<input type=\"hidden\" name=\"_wpcf7_unit_tag\" value=\"wpcf7-f308-o2\" \/>\n<input type=\"hidden\" name=\"_wpcf7_container_post\" value=\"0\" \/>\n<input type=\"hidden\" name=\"_wpcf7_posted_data_hash\" value=\"\" \/>\n<input type=\"hidden\" name=\"_wpcf7_recaptcha_response\" value=\"\" \/>\n<\/div>\n<p><label><span class=\"wpcf7-form-control-wrap your-name\"><input type=\"text\" name=\"your-name\" value=\"\" size=\"40\" class=\"wpcf7-form-control wpcf7-text wpcf7-validates-as-required\" aria-required=\"true\" aria-invalid=\"false\" placeholder=\"Navn\" \/><\/span> <\/label><br \/>\n<label><span class=\"wpcf7-form-control-wrap your-tel\"><input type=\"tel\" name=\"your-tel\" value=\"\" size=\"40\" class=\"wpcf7-form-control wpcf7-text wpcf7-tel wpcf7-validates-as-tel\" aria-invalid=\"false\" placeholder=\"tlf\" \/><\/span> <\/label><br \/>\n<label><span class=\"wpcf7-form-control-wrap your-email\"><input type=\"email\" name=\"your-email\" value=\"\" size=\"40\" class=\"wpcf7-form-control wpcf7-text wpcf7-email wpcf7-validates-as-required wpcf7-validates-as-email\" aria-required=\"true\" aria-invalid=\"false\" placeholder=\"e-mail\" \/><\/span> <\/label><br \/>\n<label><span class=\"wpcf7-form-control-wrap your-message\"><textarea name=\"your-message\" cols=\"40\" rows=\"10\" class=\"wpcf7-form-control wpcf7-textarea\" aria-invalid=\"false\" placeholder=\"Meddelelse\"><\/textarea><\/span> <\/label><br \/>\n<input type=\"submit\" value=\"Send\" class=\"wpcf7-form-control has-spinner wpcf7-submit\" \/><\/p>\n<div class=\"wpcf7-response-output\" aria-hidden=\"true\"><\/div><\/form><\/div><\/div>\n            <\/div>\t\t<\/div>\n\t\t\t\t<\/div>\n\t\t\t\t\t<\/div>\n\t\t<\/div>\n\t\t\t\t\t\t\t<\/div>\n\t\t<\/section>\n\t\t\t\t\t\t<\/div>\n\t\t\t\t\t<\/div>\n\t\t"},"excerpt":{"rendered":"<p>Bliv medlem &#8211; bliv fundet Lad virksomheder s\u00f8ge efter dig og dine kvalifikationer. Gennem CV-katalog til virksomheders s\u00f8gning efter arbejdskraft. Bliv en del af et netv\u00e6rk \u2013 der hj\u00e6lper dig n\u00e5r du s\u00f8ger job! Senior Erhverv er et netv\u00e6rk hvor du som medlem har bedre mulighed for at finde et nyt job! Du m\u00f8der andre [&hellip;]<\/p>\n","protected":false},"author":10,"featured_media":0,"parent":0,"menu_order":0,"comment_status":"closed","ping_status":"closed","template":"elementor_header_footer","meta":[],"x_date":"juni 20, 2022","x_author":"nordjylland","x_gravatar":"https:\/\/secure.gravatar.com\/avatar\/82603e17467e047075d5cdfdc1ef5126?s=96&d=mm&r=g","x_metadata":{"_elementor_edit_mode":"builder","_elementor_template_type":"wp-page","_elementor_version":"3.4.4","_elementor_pro_version":"3.2.1","_elementor_page_settings":{"eael_ext_toc_title":"Table of Contents"},"_elementor_data":"[{\"id\":\"4f6a804\",\"elType\":\"section\",\"settings\":{\"layout\":\"full_width\",\"gap\":\"no\",\"structure\":\"20\",\"background_background\":\"classic\",\"background_color\":\"#FFFFFF\",\"eael_parallax_layers_list\":[],\"eael_cl_logics\":[{\"_id\":\"8a2dc0f\"}]},\"elements\":[{\"id\":\"89c0d35\",\"elType\":\"column\",\"settings\":{\"_column_size\":50,\"_inline_size\":75,\"content_position\":\"bottom\",\"background_background\":\"classic\",\"background_image\":{\"id\":1222,\"url\":\"https:\\\/\\\/seniorerhverv.org\\\/nordjylland\\\/wp-content\\\/uploads\\\/sites\\\/10\\\/2024\\\/08\\\/topbanner_kvinde.jpg\",\"alt\":\"\",\"source\":\"library\"},\"background_position\":\"center right\",\"background_repeat\":\"no-repeat\",\"custom_css\":\"selector {\\n    min-height: 214px;\\n}\\nselector > div {\\n    background-size: auto 100%;\\n}\",\"background_size\":\"cover\",\"eael_cl_logics\":[{\"_id\":\"443b92b\"}]},\"elements\":[],\"isInner\":false},{\"id\":\"bb48ea8\",\"elType\":\"column\",\"settings\":{\"_column_size\":50,\"_inline_size\":25,\"eael_cl_logics\":[{\"_id\":\"326c9b6\"}]},\"elements\":[{\"id\":\"a57fb4d\",\"elType\":\"widget\",\"settings\":{\"editor\":\"<p><strong>Bliv medlem - bliv fundet<\\\/strong><\\\/p><p><span style=\\\"font-size: 12pt; color: #000000;\\\">Lad virksomheder s\\u00f8ge efter dig og dine kvalifikationer. Gennem CV-katalog til virksomheders s\\u00f8gning efter arbejdskraft.<\\\/span><strong><br \\\/><\\\/strong><\\\/p>\",\"text_color\":\"#8FB460\",\"typography_typography\":\"custom\",\"typography_font_size\":{\"unit\":\"px\",\"size\":20,\"sizes\":[]},\"typography_line_height\":{\"unit\":\"em\",\"size\":1,\"sizes\":[]},\"_margin\":{\"unit\":\"px\",\"top\":\"36\",\"right\":\"20\",\"bottom\":\"0\",\"left\":\"10\",\"isLinked\":false},\"eael_tooltip_section_content\":\"I am a tooltip\",\"eael_ext_content_protection_password_placeholder\":\"Enter Password\",\"eael_ext_content_protection_password_submit_btn_txt\":\"Submit\",\"eael_ext_content_protection_password_incorrect_message\":\"Password does not match.\",\"eael_cl_logics\":[{\"_id\":\"c4110a5\"}]},\"elements\":[],\"widgetType\":\"text-editor\"}],\"isInner\":false}],\"isInner\":false},{\"id\":\"e9e343e\",\"elType\":\"section\",\"settings\":{\"structure\":\"20\",\"background_background\":\"classic\",\"background_color\":\"#FFFFFF\",\"margin\":{\"unit\":\"px\",\"top\":\"\",\"right\":0,\"bottom\":\"\",\"left\":0,\"isLinked\":true},\"padding\":{\"unit\":\"px\",\"top\":\"30\",\"right\":\"30\",\"bottom\":\"30\",\"left\":\"30\",\"isLinked\":true},\"gap\":\"no\",\"eael_parallax_layers_list\":[],\"eael_cl_logics\":[{\"_id\":\"5c7f5a5\"}]},\"elements\":[{\"id\":\"36069cf\",\"elType\":\"column\",\"settings\":{\"_column_size\":50,\"_inline_size\":null,\"_inline_size_tablet\":50,\"eael_cl_logics\":[{\"_id\":\"bb59604\"}]},\"elements\":[{\"id\":\"4528053\",\"elType\":\"widget\",\"settings\":{\"editor\":\"<p><strong>Bliv en del af et netv\\u00e6rk \\u2013 der hj\\u00e6lper dig n\\u00e5r du s\\u00f8ger job!<\\\/strong><\\\/p><p>Senior Erhverv er et netv\\u00e6rk hvor du som medlem har bedre mulighed for at finde et nyt job!<\\\/p><p><strong>Du m\\u00f8der andre jobs\\u00f8gende 50+ \\u00e5rige<\\\/strong>\\u00a0der er i en situation tilsvarende din. \\u00a0Vi er et supplement til alle andre. Vi er frivillige og vi er ikke en del af \\u201dsystemet\\u201d \\u2013 hos os er f\\u00e6llesskabet det vigtigste. \\u00a0\\u00a0<\\\/p><p><b>Vi giver hinanden sparring, finder nye gode ideer\\u00a0<\\\/b>og indg\\u00e5r i et f\\u00e6llesskab. Vi kan hj\\u00e6lpe hinanden med skrivning af ans\\u00f8gninger og CV, der kan v\\u00e6re en udfordring.<\\\/p><p>\\u00a0<b>Du vil ogs\\u00e5 kunne f\\u00e5 input fra specialister og fagpersoner<\\\/b>, der holder opl\\u00e6g eller foredrag, p\\u00e5 temam\\u00f8der. Du f\\u00e5r adgang til kurser der kan give dig nye ideer og tanker, hvor vores kursus FLASH - din fremtid, helt sikkert vil give dig nye tanker og mere mod. Der er e-kurser der afvikles p\\u00e5 internettet, der er to-dagskurser der ofte afholdes i Svendborg.<\\\/p><p>Alle kurser og tilbud er gratis, n\\u00e5r f\\u00f8rst kontingentet er betalt. \\u00a0\\u00a0\\u00a0\\u00a0\\u00a0\\u00a0\\u00a0<\\\/p><p><b>At v\\u00e6re jobs\\u00f8gende 50+ \\u00e5rige kan v\\u00e6re sv\\u00e6rt<\\\/b>, og ens hum\\u00f8r kan blive p\\u00e5virket. Derfor er det godt at m\\u00f8des i et f\\u00e6llesskab der kan l\\u00f8fte b\\u00e5de hum\\u00f8ret og motivationen.<\\\/p><p><b>Du f\\u00e5r ogs\\u00e5 fri adgang til vores CV-database<\\\/b>, hvor arbejdsgiver i stort tal s\\u00f8ger efter nye medarbejdere. \\u00a0\\u00a0<\\\/p><p><b>Vi er hinandens kollegaer imellem to jobs<\\\/b>. Derfor bestemmer du selv, hvor meget du vil have ud at dit medlemskab. Jobcenter og A-kasse st\\u00f8tter dig i at du bruger tid i netv\\u00e6rket Senior Erhverv, fordi det virker. Jo mere du m\\u00f8der op, jo mere f\\u00e5r du af det frivillige f\\u00e6llesskab og dine jobmuligheder \\u00f8ges. \\u00a0\\u00a0<\\\/p><p>Du kan h\\u00f8re meget mere hos dit netv\\u00e6rk!<\\\/p>\",\"text_color\":\"#000000\",\"typography_typography\":\"custom\",\"typography_font_size\":{\"unit\":\"px\",\"size\":20,\"sizes\":[]},\"typography_line_height\":{\"unit\":\"em\",\"size\":1.399999999999999911182158029987476766109466552734375,\"sizes\":[]},\"_margin\":{\"unit\":\"px\",\"top\":\"20\",\"right\":\"20\",\"bottom\":\"0\",\"left\":\"0\",\"isLinked\":false},\"eael_tooltip_section_content\":\"I am a tooltip\",\"eael_ext_content_protection_password_placeholder\":\"Enter Password\",\"eael_ext_content_protection_password_submit_btn_txt\":\"Submit\",\"eael_ext_content_protection_password_incorrect_message\":\"Password does not match.\",\"eael_cl_logics\":[{\"_id\":\"16c1b15\"}]},\"elements\":[],\"widgetType\":\"text-editor\"}],\"isInner\":false},{\"id\":\"55d319d\",\"elType\":\"column\",\"settings\":{\"_column_size\":50,\"_inline_size\":null,\"_inline_size_tablet\":100,\"margin_tablet\":{\"unit\":\"px\",\"top\":\"30\",\"right\":\"0\",\"bottom\":\"0\",\"left\":\"0\",\"isLinked\":false},\"margin\":{\"unit\":\"px\",\"top\":\"0\",\"right\":\"15\",\"bottom\":\"15\",\"left\":\"15\",\"isLinked\":false},\"eael_cl_logics\":[{\"_id\":\"979c859\"}]},\"elements\":[{\"id\":\"91889d3\",\"elType\":\"widget\",\"settings\":{\"contact_form_list\":\"308\",\"form_title\":\"yes\",\"form_description\":\"yes\",\"eael_contact_form_alignment\":\"center\",\"eael_contact_form_margin\":{\"unit\":\"px\",\"top\":\"0\",\"right\":\"0\",\"bottom\":\"0\",\"left\":\"0\",\"isLinked\":true},\"eael_contact_form_padding\":{\"unit\":\"px\",\"top\":\"0\",\"right\":\"0\",\"bottom\":\"0\",\"left\":\"0\",\"isLinked\":true},\"eael_contact_form_border_radius\":{\"unit\":\"px\",\"top\":\"1\",\"right\":\"1\",\"bottom\":\"1\",\"left\":\"1\",\"isLinked\":true},\"title_text_color\":\"#A7C691\",\"field_bg\":\"#E4E4E4\",\"field_text_color\":\"#000000\",\"input_spacing\":{\"unit\":\"px\",\"size\":0,\"sizes\":[]},\"field_padding\":{\"unit\":\"px\",\"top\":\"6\",\"right\":\"6\",\"bottom\":\"6\",\"left\":\"6\",\"isLinked\":true},\"text_indent\":{\"unit\":\"px\",\"size\":4,\"sizes\":[]},\"field_radius\":{\"unit\":\"px\",\"top\":\"4\",\"right\":\"4\",\"bottom\":\"4\",\"left\":\"4\",\"isLinked\":true},\"field_typography_typography\":\"custom\",\"field_typography_font_size\":{\"unit\":\"px\",\"size\":14,\"sizes\":[]},\"field_typography_font_weight\":\"bold\",\"field_box_shadow_box_shadow_type\":\"yes\",\"field_box_shadow_box_shadow\":{\"horizontal\":0,\"vertical\":0,\"blur\":10,\"spread\":0,\"color\":\"rgba(255, 255, 255, 0.5)\"},\"label_spacing\":{\"unit\":\"px\",\"size\":0,\"sizes\":[]},\"typography_label_typography\":\"custom\",\"typography_label_font_size\":{\"unit\":\"px\",\"size\":10,\"sizes\":[]},\"typography_label_font_weight\":\"bold\",\"typography_placeholder_typography\":\"custom\",\"button_align\":\"center\",\"button_width_type\":\"full-width\",\"button_border_radius\":{\"unit\":\"px\",\"top\":\"4\",\"right\":\"4\",\"bottom\":\"4\",\"left\":\"4\",\"isLinked\":true},\"contact_form_after_submit_feedback_color\":\"#6CC6C1\",\"_padding\":{\"unit\":\"px\",\"top\":\"0\",\"right\":\"0\",\"bottom\":\"0\",\"left\":\"0\",\"isLinked\":true},\"_background_background\":\"classic\",\"custom_css\":\"  .wpcf7-form-control.wpcf7-textarea,  .wpcf7-form-control.wpcf7-text{\\n    background-color: #DCDDDE;\\n    border-style: solid;\\n    border-width: 0px 0px 0px 0px;\\n}\",\"button_bg_color_normal\":\"#8FB460\",\"button_text_color_normal\":\"#FFFFFF\",\"eael_tooltip_section_content\":\"I am a tooltip\",\"eael_ext_content_protection_password_placeholder\":\"Enter Password\",\"eael_ext_content_protection_password_submit_btn_txt\":\"Submit\",\"eael_ext_content_protection_password_incorrect_message\":\"Password does not match.\",\"eael_cl_logics\":[{\"_id\":\"e3fffe9\"}]},\"elements\":[],\"widgetType\":\"eael-contact-form-7\"}],\"isInner\":false}],\"isInner\":false}]","_elementor_page_assets":[],"_eael_custom_js":"","_eael_widget_elements":{"contact-form-7":"contact-form-7"},"_elementor_controls_usage":{"column":{"count":4,"control_percent":1,"controls":{"layout":{"layout":{"_inline_size":4,"content_position":1}},"style":{"section_style":{"background_background":1,"background_image":1,"background_position":1,"background_repeat":1,"background_size":1}},"advanced":{"section_custom_css":{"custom_css":1},"eael_conditional_logic_section":{"eael_cl_logics":4},"section_advanced":{"margin":1}}}},"text-editor":{"count":2,"control_percent":2,"controls":{"content":{"section_editor":{"editor":2}},"style":{"section_style":{"text_color":2,"typography_typography":2,"typography_font_size":2,"typography_line_height":2}},"advanced":{"_section_style":{"_margin":2},"eael_conditional_logic_section":{"eael_cl_logics":2}}}},"section":{"count":2,"control_percent":2,"controls":{"layout":{"section_layout":{"layout":1,"gap":2},"section_structure":{"structure":2}},"style":{"section_background":{"background_background":2,"background_color":2}},"advanced":{"eael_conditional_logic_section":{"eael_cl_logics":2},"section_advanced":{"margin":1,"padding":1}}}},"eael-contact-form-7":{"count":1,"control_percent":6,"controls":{"content":{"section_info_box":{"contact_form_list":1,"form_title":1,"form_description":1}},"style":{"section_container_style":{"eael_contact_form_alignment":1,"eael_contact_form_margin":1,"eael_contact_form_padding":1,"eael_contact_form_border_radius":1},"section_fields_title_description":{"title_text_color":1},"section_fields_style":{"field_bg":1,"field_text_color":1,"input_spacing":1,"field_padding":1,"text_indent":1,"field_radius":1,"field_typography_typography":1,"field_typography_font_size":1,"field_typography_font_weight":1,"field_box_shadow_box_shadow_type":1,"field_box_shadow_box_shadow":1},"section_label_style":{"label_spacing":1,"typography_label_typography":1,"typography_label_font_size":1,"typography_label_font_weight":1},"section_placeholder_style":{"typography_placeholder_typography":1},"section_submit_button_style":{"button_align":1,"button_width_type":1,"button_border_radius":1,"button_bg_color_normal":1,"button_text_color_normal":1},"section_after_submit_feedback_style":{"contact_form_after_submit_feedback_color":1}},"advanced":{"_section_style":{"_padding":1},"_section_background":{"_background_background":1},"section_custom_css":{"custom_css":1},"eael_conditional_logic_section":{"eael_cl_logics":1}}}}},"_elementor_css":{"time":1757583632,"fonts":[],"icons":[],"dynamic_elements_ids":[],"status":"file","0":""}},"_links":{"self":[{"href":"https:\/\/seniorerhverv.org\/nordjylland\/wp-json\/wp\/v2\/pages\/376"}],"collection":[{"href":"https:\/\/seniorerhverv.org\/nordjylland\/wp-json\/wp\/v2\/pages"}],"about":[{"href":"https:\/\/seniorerhverv.org\/nordjylland\/wp-json\/wp\/v2\/types\/page"}],"author":[{"embeddable":true,"href":"https:\/\/seniorerhverv.org\/nordjylland\/wp-json\/wp\/v2\/users\/10"}],"replies":[{"embeddable":true,"href":"https:\/\/seniorerhverv.org\/nordjylland\/wp-json\/wp\/v2\/comments?post=376"}],"version-history":[{"count":13,"href":"https:\/\/seniorerhverv.org\/nordjylland\/wp-json\/wp\/v2\/pages\/376\/revisions"}],"predecessor-version":[{"id":1287,"href":"https:\/\/seniorerhverv.org\/nordjylland\/wp-json\/wp\/v2\/pages\/376\/revisions\/1287"}],"wp:attachment":[{"href":"https:\/\/seniorerhverv.org\/nordjylland\/wp-json\/wp\/v2\/media?parent=376"}],"curies":[{"name":"wp","href":"https:\/\/api.w.org\/{rel}","templated":true}]}}