{"id":244,"date":"2021-09-29T18:14:24","date_gmt":"2021-09-29T18:14:24","guid":{"rendered":"https:\/\/seniorerhverv.org\/kronjylland\/?page_id=244"},"modified":"2025-02-13T10:40:38","modified_gmt":"2025-02-13T10:40:38","slug":"om-se-kronjylland","status":"publish","type":"page","link":"https:\/\/seniorerhverv.org\/kronjylland\/om-se-kronjylland\/","title":{"rendered":"Om SE Kronjylland"},"content":{"rendered":"\t\t<div data-elementor-type=\"wp-page\" data-elementor-id=\"244\" class=\"elementor elementor-244\" data-elementor-settings=\"[]\">\n\t\t\t\t\t\t\t<div class=\"elementor-section-wrap\">\n\t\t\t\t\t\t\t<section data-particle_enable=\"false\" data-particle-mobile-disabled=\"false\" class=\"elementor-section elementor-top-section elementor-element elementor-element-43845c6 elementor-section-boxed elementor-section-height-default elementor-section-height-default\" data-id=\"43845c6\" data-element_type=\"section\">\n\t\t\t\t\t\t<div class=\"elementor-container elementor-column-gap-no\">\n\t\t\t\t\t<div class=\"elementor-column elementor-col-50 elementor-top-column elementor-element elementor-element-8bd67ab box-container\" data-id=\"8bd67ab\" data-element_type=\"column\">\n\t\t\t<div class=\"elementor-widget-wrap elementor-element-populated\">\n\t\t\t\t\t\t\t\t<div class=\"elementor-element elementor-element-9690dbb elementor-widget elementor-widget-text-editor\" data-id=\"9690dbb\" data-element_type=\"widget\" data-widget_type=\"text-editor.default\">\n\t\t\t\t<div class=\"elementor-widget-container\">\n\t\t\t\t\t\t\t<p><span style=\"font-size: 14pt; font-family: arial, helvetica, sans-serif;\"><strong>Senior Erhverv\u00a0Kronjylland er et netv\u00e6rk af engagerede, aktive og erhvervsduelige seniorer<\/strong><\/span><\/p><p><span style=\"font-family: arial, helvetica, sans-serif;\">Senior Erhverv Kronjylland er en\u00a0af afdelingerne i<span style=\"color: #000000;\">\u00a0<a style=\"color: #000000;\" href=\"https:\/\/seniorerhverv.org\/\" target=\"_blank\" rel=\"noopener\">Senior Erhverv Danmark<\/a>.<\/span> Det landsd\u00e6kkende Senior Erhverv blev stiftet i 1996 og best\u00e5r i dag af 21 lokale netv\u00e6rk. Senior Erhverv Kronjylland (SEK) blev genoptaget i november 2009.<\/span><\/p><p><span style=\"font-family: arial, helvetica, sans-serif;\">SEK drives hovedsageligt for satspuljemidler, som administreres af og tildeles fra Styrelsen for Fastholdelse og Rekruttering. For at f\u00e5 del i denne st\u00f8tte er det en betingelse, at der er en h\u00f8j grad af aktivitet blandt medlemmerne.\u00a0SEK har til dette form\u00e5l oprettet fire grupper, som nye medlemmer kan tilmelde sig.<\/span><\/p><p class=\"bodytext\"><span style=\"font-family: arial, helvetica, sans-serif;\">SEKs \u00f8verste myndighed er generalforsamlingen, som afholdes hvert \u00e5r inden udgangen af marts m\u00e5ned. Her v\u00e6lges netv\u00e6rkets daglige ledelse &#8211; bestyrelsen &#8211; som kan best\u00e5 af 5-7 medlemmer.\u00a0Senior Erhverv Kronjylland t\u00e6ller i dag ca. 60 medlemmer.<\/span><\/p><p><span style=\"font-family: arial, helvetica, sans-serif;\">Senior Erhverv Kronjylland er et netv\u00e6rk for seniorer p\u00e5 50+, hvis\u00a0vigtigste form\u00e5l er at hj\u00e6lpe medlemmerne med at f\u00e5 et fast arbejde. Dette g\u00f8res bl.a ved at ops\u00f8ge firmaer i SEK&#8217;s omr\u00e5de for at skaffe jobmuligheder der passer til medlemmernes kompetencer. SEK arbejder efter devisen om\u00a0hj\u00e6lp til selvhj\u00e6lp, hvilket bl.a. betyder, at vi forventer, at man selv er aktiv i mindst \u00e9n af vores 4 arbejdsgrupper, da det er igennem dem, jobbene skaffes og formidles videre til medlemmerne.<\/span><\/p><p><span style=\"font-size: 14pt; font-family: arial, helvetica, sans-serif;\"><strong>Bestyrelsesm\u00f8der<\/strong><\/span><\/p><div id=\"USBlankMidt\"><div id=\"soegtext\"><div id=\"c1767\" class=\"bodytext\"><p class=\"bodytext\"><span style=\"font-family: arial, helvetica, sans-serif;\">Ca. en gang i m\u00e5neden afholdes der bestyrelsesm\u00f8de eller, en gang \u00e5rligt, generalforsamling. Tidspunktet aftales n\u00e6rmere fra gang til gang. Hvis et bestyrelsesm\u00f8de skal v\u00e6re lukket vil dette v\u00e6re s\u00e6rligt oplyst.<\/span><\/p><p class=\"bodytext\"><span style=\"font-size: 14pt; font-family: arial, helvetica, sans-serif;\"><strong>Medlemsm\u00f8der<\/strong><\/span><\/p><p class=\"bodytext\"><span style=\"font-family: arial, helvetica, sans-serif;\">Ca. en gang i m\u00e5neden afholdes der medlemsm\u00f8de kl. 13.00, hvor alle er velkomne. Her orienteres om den aktuelle situation og igangv\u00e6rende aktiviteter. Til nogle medlemsm\u00f8der inviteres en foredragsholder til at tale om et for medlemmerne aktuelt emne.<\/span><\/p><\/div><\/div><\/div>\t\t\t\t\t\t<\/div>\n\t\t\t\t<\/div>\n\t\t\t\t\t<\/div>\n\t\t<\/div>\n\t\t\t\t<div class=\"elementor-column elementor-col-50 elementor-top-column elementor-element elementor-element-f420c49\" data-id=\"f420c49\" data-element_type=\"column\">\n\t\t\t<div class=\"elementor-widget-wrap elementor-element-populated\">\n\t\t\t\t\t\t\t\t<div class=\"elementor-element elementor-element-ef8dc9c elementor-widget elementor-widget-image\" data-id=\"ef8dc9c\" data-element_type=\"widget\" data-widget_type=\"image.default\">\n\t\t\t\t<div class=\"elementor-widget-container\">\n\t\t\t\t\t\t\t\t\t\t\t\t\t\t\t<img width=\"326\" height=\"245\" src=\"https:\/\/seniorerhverv.org\/kronjylland\/wp-content\/uploads\/sites\/7\/2021\/09\/CIMG01159.jpg\" class=\"attachment-full size-full\" alt=\"\" loading=\"lazy\" srcset=\"https:\/\/seniorerhverv.org\/kronjylland\/wp-content\/uploads\/sites\/7\/2021\/09\/CIMG01159.jpg 326w, https:\/\/seniorerhverv.org\/kronjylland\/wp-content\/uploads\/sites\/7\/2021\/09\/CIMG01159-300x225.jpg 300w\" sizes=\"(max-width: 326px) 100vw, 326px\" \/>\t\t\t\t\t\t\t\t\t\t\t\t\t\t\t<\/div>\n\t\t\t\t<\/div>\n\t\t\t\t<div class=\"elementor-element elementor-element-5185365 elementor-widget elementor-widget-text-editor\" data-id=\"5185365\" data-element_type=\"widget\" data-widget_type=\"text-editor.default\">\n\t\t\t\t<div class=\"elementor-widget-container\">\n\t\t\t\t\t\t\t<p><span style=\"font-size: 10pt;\"><strong>Adresse:<\/strong><br \/>\u00a0\u00a0\u00a0Senior Erhverv Kronjylland<\/span><br \/><span style=\"font-size: 10pt;\">\u00a0\u00a0\u00a0Dannevirkevej 20<\/span><br \/><span style=\"font-size: 10pt;\">\u00a0\u00a0\u00a08930 Randers N\u00d8<\/span><br \/><span style=\"font-size: 10pt;\">\u00a0\u00a0\u00a0Telefon: 71 90 89 52<\/span><br \/><span style=\"font-size: 10pt;\"><strong>Email: <\/strong><span style=\"color: #0000ff;\"><a style=\"color: #0000ff;\" href=\"mailto:kronjylland@seniorerhverv.org\">kronjylland@s<\/a>eniorerhverv.org<\/span><\/span><\/p><p><span style=\"font-size: 10pt;\"><strong>Kontorrtid:<\/strong><\/span><br \/><span style=\"font-size: 10pt;\"> <strong>Mandag-Torsdag:<\/strong><br \/>\u00a0\u00a0\u00a0kl. 10:00-14:00<br \/><strong>Fredag:<\/strong><br \/>\u00a0\u00a0\u00a0kl. 10:00-12:00<br \/><\/span><\/p>\t\t\t\t\t\t<\/div>\n\t\t\t\t<\/div>\n\t\t\t\t<div class=\"elementor-element elementor-element-15e6dfc elementor-widget elementor-widget-image\" data-id=\"15e6dfc\" data-element_type=\"widget\" data-widget_type=\"image.default\">\n\t\t\t\t<div class=\"elementor-widget-container\">\n\t\t\t\t\t\t\t\t\t\t\t\t\t\t\t<img width=\"183\" height=\"214\" src=\"https:\/\/seniorerhverv.org\/kronjylland\/wp-content\/uploads\/sites\/7\/2021\/09\/Hingst_06.jpg\" class=\"attachment-full size-full\" alt=\"\" loading=\"lazy\" \/>\t\t\t\t\t\t\t\t\t\t\t\t\t\t\t<\/div>\n\t\t\t\t<\/div>\n\t\t\t\t\t<\/div>\n\t\t<\/div>\n\t\t\t\t\t\t\t<\/div>\n\t\t<\/section>\n\t\t\t\t\t\t<\/div>\n\t\t\t\t\t<\/div>\n\t\t"},"excerpt":{"rendered":"<p>Senior Erhverv\u00a0Kronjylland er et netv\u00e6rk af engagerede, aktive og erhvervsduelige seniorer Senior Erhverv Kronjylland er en\u00a0af afdelingerne i\u00a0Senior Erhverv Danmark. Det landsd\u00e6kkende Senior Erhverv blev stiftet i 1996 og best\u00e5r i dag af 21 lokale netv\u00e6rk. Senior Erhverv Kronjylland (SEK) blev genoptaget i november 2009. SEK drives hovedsageligt for satspuljemidler, som administreres af og tildeles [&hellip;]<\/p>\n","protected":false},"author":7,"featured_media":0,"parent":0,"menu_order":0,"comment_status":"closed","ping_status":"closed","template":"elementor_header_footer","meta":[],"x_date":"september 29, 2021","x_author":"kronjylland","x_gravatar":"https:\/\/secure.gravatar.com\/avatar\/435e40ceea319e7f5c75fffe931167e8?s=96&d=mm&r=g","x_metadata":{"_elementor_edit_mode":"builder","_elementor_template_type":"wp-page","_elementor_version":"3.4.4","_elementor_pro_version":"3.2.1","_elementor_page_settings":{"eael_ext_toc_title":"Table of Contents"},"_elementor_data":"[{\"id\":\"43845c6\",\"elType\":\"section\",\"settings\":{\"gap\":\"no\",\"structure\":\"20\",\"margin\":{\"unit\":\"px\",\"top\":\"10\",\"right\":\"0\",\"bottom\":\"10\",\"left\":\"0\",\"isLinked\":\"1\"},\"eael_parallax_layers_list\":[],\"eael_cl_logics\":[{\"_id\":\"e36aff7\"}]},\"elements\":[{\"id\":\"8bd67ab\",\"elType\":\"column\",\"settings\":{\"_column_size\":\"50\",\"_inline_size\":\"75\",\"padding\":{\"unit\":\"px\",\"top\":\"30\",\"right\":\"30\",\"bottom\":\"30\",\"left\":\"30\",\"isLinked\":\"1\"},\"css_classes\":\"box-container\",\"eael_cl_logics\":[{\"_id\":\"7e0e698\"}]},\"elements\":[{\"id\":\"9690dbb\",\"elType\":\"widget\",\"settings\":{\"editor\":\"<p><span style=\\\"font-size: 14pt; font-family: arial, helvetica, sans-serif;\\\"><strong>Senior Erhverv\\u00a0Kronjylland er et netv\\u00e6rk af engagerede, aktive og erhvervsduelige seniorer<\\\/strong><\\\/span><\\\/p><p><span style=\\\"font-family: arial, helvetica, sans-serif;\\\">Senior Erhverv Kronjylland er en\\u00a0af afdelingerne i<span style=\\\"color: #000000;\\\">\\u00a0<a style=\\\"color: #000000;\\\" href=\\\"https:\\\/\\\/seniorerhverv.org\\\/\\\" target=\\\"_blank\\\" rel=\\\"noopener\\\">Senior Erhverv Danmark<\\\/a>.<\\\/span> Det landsd\\u00e6kkende Senior Erhverv blev stiftet i 1996 og best\\u00e5r i dag af 21 lokale netv\\u00e6rk. Senior Erhverv Kronjylland (SEK) blev genoptaget i november 2009.<\\\/span><\\\/p><p><span style=\\\"font-family: arial, helvetica, sans-serif;\\\">SEK drives hovedsageligt for satspuljemidler, som administreres af og tildeles fra Styrelsen for Fastholdelse og Rekruttering. For at f\\u00e5 del i denne st\\u00f8tte er det en betingelse, at der er en h\\u00f8j grad af aktivitet blandt medlemmerne.\\u00a0SEK har til dette form\\u00e5l oprettet fire grupper, som nye medlemmer kan tilmelde sig.<\\\/span><\\\/p><p class=\\\"bodytext\\\"><span style=\\\"font-family: arial, helvetica, sans-serif;\\\">SEKs \\u00f8verste myndighed er generalforsamlingen, som afholdes hvert \\u00e5r inden udgangen af marts m\\u00e5ned. Her v\\u00e6lges netv\\u00e6rkets daglige ledelse - bestyrelsen - som kan best\\u00e5 af 5-7 medlemmer.\\u00a0Senior Erhverv Kronjylland t\\u00e6ller i dag ca. 60 medlemmer.<\\\/span><\\\/p><p><span style=\\\"font-family: arial, helvetica, sans-serif;\\\">Senior Erhverv Kronjylland er et netv\\u00e6rk for seniorer p\\u00e5 50+, hvis\\u00a0vigtigste form\\u00e5l er at hj\\u00e6lpe medlemmerne med at f\\u00e5 et fast arbejde. Dette g\\u00f8res bl.a ved at ops\\u00f8ge firmaer i SEK's omr\\u00e5de for at skaffe jobmuligheder der passer til medlemmernes kompetencer. SEK arbejder efter devisen om\\u00a0hj\\u00e6lp til selvhj\\u00e6lp, hvilket bl.a. betyder, at vi forventer, at man selv er aktiv i mindst \\u00e9n af vores 4 arbejdsgrupper, da det er igennem dem, jobbene skaffes og formidles videre til medlemmerne.<\\\/span><\\\/p><p><span style=\\\"font-size: 14pt; font-family: arial, helvetica, sans-serif;\\\"><strong>Bestyrelsesm\\u00f8der<\\\/strong><\\\/span><\\\/p><div id=\\\"USBlankMidt\\\"><div id=\\\"soegtext\\\"><div id=\\\"c1767\\\" class=\\\"bodytext\\\"><p class=\\\"bodytext\\\"><span style=\\\"font-family: arial, helvetica, sans-serif;\\\">Ca. en gang i m\\u00e5neden afholdes der bestyrelsesm\\u00f8de eller, en gang \\u00e5rligt, generalforsamling. Tidspunktet aftales n\\u00e6rmere fra gang til gang. Hvis et bestyrelsesm\\u00f8de skal v\\u00e6re lukket vil dette v\\u00e6re s\\u00e6rligt oplyst.<\\\/span><\\\/p><p class=\\\"bodytext\\\"><span style=\\\"font-size: 14pt; font-family: arial, helvetica, sans-serif;\\\"><strong>Medlemsm\\u00f8der<\\\/strong><\\\/span><\\\/p><p class=\\\"bodytext\\\"><span style=\\\"font-family: arial, helvetica, sans-serif;\\\">Ca. en gang i m\\u00e5neden afholdes der medlemsm\\u00f8de kl. 13.00, hvor alle er velkomne. Her orienteres om den aktuelle situation og igangv\\u00e6rende aktiviteter. Til nogle medlemsm\\u00f8der inviteres en foredragsholder til at tale om et for medlemmerne aktuelt emne.<\\\/span><\\\/p><\\\/div><\\\/div><\\\/div>\",\"eael_tooltip_section_content\":\"I am a tooltip\",\"eael_ext_content_protection_password_placeholder\":\"Enter Password\",\"eael_ext_content_protection_password_submit_btn_txt\":\"Submit\",\"custom_css\":\"selector table,\\nselector table td {\\n    padding: 0;\\n    border: none;\\n    background: none;\\n}\\nselector ol {\\n    padding-left: 15px;\\n}\",\"eael_ext_content_protection_password_incorrect_message\":\"Password does not match.\",\"eael_cl_logics\":[{\"_id\":\"f45ba1e\"}]},\"elements\":[],\"widgetType\":\"text-editor\"}],\"isInner\":\"\"},{\"id\":\"f420c49\",\"elType\":\"column\",\"settings\":{\"_column_size\":\"50\",\"_inline_size\":\"25\",\"padding\":{\"unit\":\"px\",\"top\":\"20\",\"right\":\"40\",\"bottom\":\"20\",\"left\":\"40\",\"isLinked\":\"\"},\"eael_cl_logics\":[{\"_id\":\"df3ef58\"}]},\"elements\":[{\"id\":\"ef8dc9c\",\"elType\":\"widget\",\"settings\":{\"eael_tooltip_section_content\":\"I am a tooltip\",\"eael_ext_content_protection_password_placeholder\":\"Enter Password\",\"eael_ext_content_protection_password_submit_btn_txt\":\"Submit\",\"image\":{\"url\":\"https:\\\/\\\/seniorerhverv.org\\\/kronjylland\\\/wp-content\\\/uploads\\\/sites\\\/7\\\/2021\\\/09\\\/CIMG01159.jpg\",\"id\":\"26\",\"alt\":\"\",\"source\":\"library\"},\"image_size\":\"full\",\"eael_ext_content_protection_password_incorrect_message\":\"Password does not match.\",\"eael_cl_logics\":[{\"_id\":\"90a492d\"}]},\"elements\":[],\"widgetType\":\"image\"},{\"id\":\"5185365\",\"elType\":\"widget\",\"settings\":{\"editor\":\"<p><span style=\\\"font-size: 10pt;\\\"><strong>Adresse:<\\\/strong><br \\\/>\\u00a0\\u00a0\\u00a0Senior Erhverv Kronjylland<\\\/span><br \\\/><span style=\\\"font-size: 10pt;\\\">\\u00a0\\u00a0\\u00a0Dannevirkevej 20<\\\/span><br \\\/><span style=\\\"font-size: 10pt;\\\">\\u00a0\\u00a0\\u00a08930 Randers N\\u00d8<\\\/span><br \\\/><span style=\\\"font-size: 10pt;\\\">\\u00a0\\u00a0\\u00a0Telefon: 71 90 89 52<\\\/span><br \\\/><span style=\\\"font-size: 10pt;\\\"><strong>Email: <\\\/strong><span style=\\\"color: #0000ff;\\\"><a style=\\\"color: #0000ff;\\\" href=\\\"mailto:kronjylland@seniorerhverv.org\\\">kronjylland@s<\\\/a>eniorerhverv.org<\\\/span><\\\/span><\\\/p><p><span style=\\\"font-size: 10pt;\\\"><strong>Kontorrtid:<\\\/strong><\\\/span><br \\\/><span style=\\\"font-size: 10pt;\\\"> <strong>Mandag-Torsdag:<\\\/strong><br \\\/>\\u00a0\\u00a0\\u00a0kl. 10:00-14:00<br \\\/><strong>Fredag:<\\\/strong><br \\\/>\\u00a0\\u00a0\\u00a0kl. 10:00-12:00<br \\\/><\\\/span><\\\/p>\",\"_margin\":{\"unit\":\"px\",\"top\":\"10\",\"right\":\"0\",\"bottom\":\"0\",\"left\":\"0\",\"isLinked\":\"\"},\"eael_tooltip_section_content\":\"I am a tooltip\",\"eael_ext_content_protection_password_placeholder\":\"Enter Password\",\"eael_ext_content_protection_password_submit_btn_txt\":\"Submit\",\"eael_ext_content_protection_password_incorrect_message\":\"Password does not match.\",\"eael_cl_logics\":[{\"_id\":\"4b7561f\"}]},\"elements\":[],\"widgetType\":\"text-editor\"},{\"id\":\"15e6dfc\",\"elType\":\"widget\",\"settings\":{\"eael_tooltip_section_content\":\"I am a tooltip\",\"eael_ext_content_protection_password_placeholder\":\"Enter Password\",\"eael_ext_content_protection_password_submit_btn_txt\":\"Submit\",\"image\":{\"url\":\"https:\\\/\\\/seniorerhverv.org\\\/kronjylland\\\/wp-content\\\/uploads\\\/sites\\\/7\\\/2021\\\/09\\\/Hingst_06.jpg\",\"id\":\"34\",\"alt\":\"\",\"source\":\"library\"},\"image_size\":\"full\",\"eael_ext_content_protection_password_incorrect_message\":\"Password does not match.\",\"eael_cl_logics\":[{\"_id\":\"292f059\"}]},\"elements\":[],\"widgetType\":\"image\"}],\"isInner\":\"\"}],\"isInner\":\"\"}]","_elementor_page_assets":[],"_eael_custom_js":"","_elementor_controls_usage":{"text-editor":{"count":2,"control_percent":1,"controls":{"content":{"section_editor":{"editor":2}},"advanced":{"section_custom_css":{"custom_css":1},"eael_conditional_logic_section":{"eael_cl_logics":2},"_section_style":{"_margin":1}}}},"column":{"count":2,"control_percent":1,"controls":{"layout":{"layout":{"_inline_size":2}},"advanced":{"section_advanced":{"padding":2,"css_classes":1},"eael_conditional_logic_section":{"eael_cl_logics":2}}}},"image":{"count":2,"control_percent":1,"controls":{"content":{"section_image":{"image":2,"image_size":2}},"advanced":{"eael_conditional_logic_section":{"eael_cl_logics":2}}}},"section":{"count":1,"control_percent":1,"controls":{"layout":{"section_layout":{"gap":1},"section_structure":{"structure":1}},"advanced":{"section_advanced":{"margin":1},"eael_conditional_logic_section":{"eael_cl_logics":1}}}}},"_elementor_css":{"time":1746139684,"fonts":[],"icons":[],"dynamic_elements_ids":[],"status":"file","0":""}},"_links":{"self":[{"href":"https:\/\/seniorerhverv.org\/kronjylland\/wp-json\/wp\/v2\/pages\/244"}],"collection":[{"href":"https:\/\/seniorerhverv.org\/kronjylland\/wp-json\/wp\/v2\/pages"}],"about":[{"href":"https:\/\/seniorerhverv.org\/kronjylland\/wp-json\/wp\/v2\/types\/page"}],"author":[{"embeddable":true,"href":"https:\/\/seniorerhverv.org\/kronjylland\/wp-json\/wp\/v2\/users\/7"}],"replies":[{"embeddable":true,"href":"https:\/\/seniorerhverv.org\/kronjylland\/wp-json\/wp\/v2\/comments?post=244"}],"version-history":[{"count":3,"href":"https:\/\/seniorerhverv.org\/kronjylland\/wp-json\/wp\/v2\/pages\/244\/revisions"}],"predecessor-version":[{"id":2607,"href":"https:\/\/seniorerhverv.org\/kronjylland\/wp-json\/wp\/v2\/pages\/244\/revisions\/2607"}],"wp:attachment":[{"href":"https:\/\/seniorerhverv.org\/kronjylland\/wp-json\/wp\/v2\/media?parent=244"}],"curies":[{"name":"wp","href":"https:\/\/api.w.org\/{rel}","templated":true}]}}