{"id":232,"date":"2021-09-29T18:12:36","date_gmt":"2021-09-29T18:12:36","guid":{"rendered":"https:\/\/seniorerhverv.org\/kronjylland\/?page_id=232"},"modified":"2024-06-13T10:45:16","modified_gmt":"2024-06-13T10:45:16","slug":"arbejdsgrupper","status":"publish","type":"page","link":"https:\/\/seniorerhverv.org\/kronjylland\/arbejdsgrupper\/","title":{"rendered":"Arbejdsgrupper"},"content":{"rendered":"\t\t<div data-elementor-type=\"wp-page\" data-elementor-id=\"232\" class=\"elementor elementor-232\" data-elementor-settings=\"[]\">\n\t\t\t\t\t\t\t<div class=\"elementor-section-wrap\">\n\t\t\t\t\t\t\t<section data-particle_enable=\"false\" data-particle-mobile-disabled=\"false\" class=\"elementor-section elementor-top-section elementor-element elementor-element-078ba83 elementor-section-content-middle box-container elementor-section-boxed elementor-section-height-default elementor-section-height-default\" data-id=\"078ba83\" data-element_type=\"section\">\n\t\t\t\t\t\t<div class=\"elementor-container elementor-column-gap-no\">\n\t\t\t\t\t<div class=\"elementor-column elementor-col-100 elementor-top-column elementor-element elementor-element-06a30ae\" data-id=\"06a30ae\" data-element_type=\"column\">\n\t\t\t<div class=\"elementor-widget-wrap elementor-element-populated\">\n\t\t\t\t\t\t\t\t<section data-particle_enable=\"false\" data-particle-mobile-disabled=\"false\" class=\"elementor-section elementor-inner-section elementor-element elementor-element-6a8b9ad elementor-section-boxed elementor-section-height-default elementor-section-height-default\" data-id=\"6a8b9ad\" data-element_type=\"section\">\n\t\t\t\t\t\t<div class=\"elementor-container elementor-column-gap-no\">\n\t\t\t\t\t<div class=\"elementor-column elementor-col-100 elementor-inner-column elementor-element elementor-element-5ebf7e6\" data-id=\"5ebf7e6\" data-element_type=\"column\">\n\t\t\t<div class=\"elementor-widget-wrap elementor-element-populated\">\n\t\t\t\t\t\t\t\t<div class=\"elementor-element elementor-element-1e725e5 elementor-widget elementor-widget-text-editor\" data-id=\"1e725e5\" data-element_type=\"widget\" data-widget_type=\"text-editor.default\">\n\t\t\t\t<div class=\"elementor-widget-container\">\n\t\t\t\t\t\t\t<p><span style=\"font-size: 14pt;\"><strong><span style=\"font-family: arial, helvetica, sans-serif;\">Arbejdsgrupper<\/span><\/strong><\/span><\/p><p><span style=\"font-size: 14pt;\"><strong><span style=\"font-family: Arial, sans-serif;\">PR- og marketinggruppen (tr\u00e6ffes mandage kl. 10 \u2013 14)<\/span><\/strong><\/span><\/p><ul><li><p><span style=\"font-family: Arial, sans-serif; font-size: 14pt;\">udf\u00e6rdiger skriftligt materiale for \u00f8vrige grupper, f.eks. annoncer og foldere\/brochurer<\/span><\/p><\/li><li><p><span style=\"font-family: Arial, sans-serif; font-size: 14pt;\">planl\u00e6gger og koordinerer kampagner, pressemeddelelser, l\u00e6serbreve og andre indl\u00e6g<\/span><\/p><\/li><\/ul><p><span style=\"font-family: Arial, sans-serif; font-size: 14pt;\"><strong>Virksomhedsgruppen (tr\u00e6ffes tirsdage kl. 10 \u2013 14)<\/strong><\/span><\/p><ul><li><p><span style=\"font-family: Arial, sans-serif; font-size: 14pt;\">planl\u00e6gger og udf\u00f8rer det ops\u00f8gende arbejde over for virksomheder og kommuner i lokalomr\u00e5det<\/span><\/p><\/li><li><p><span style=\"font-family: Arial, sans-serif; font-size: 14pt;\">bes\u00f8ger udvalgte virksomheder og kommuner og fort\u00e6ller om medlemmernes kompetencer og viden<\/span><\/p><\/li><\/ul><p><span style=\"font-family: Arial, sans-serif; font-size: 14pt;\"><strong>Medlems- og administrationsgruppen (tr\u00e6ffes onsdage kl. 10 \u2013 14)<\/strong><\/span><\/p><ul><li><p><span style=\"font-family: Arial, sans-serif; font-size: 14pt;\">planl\u00e6gger og udf\u00f8rer de aktiviteter, der skal g\u00f8re SEK synlige over for kommende medlemmer<\/span><\/p><\/li><li><p><span style=\"font-family: Arial, sans-serif; font-size: 14pt;\">planl\u00e6gger og udf\u00f8rer arrangementer for nuv\u00e6rende medlemmer<\/span><\/p><\/li><li><p><span style=\"font-family: Arial, sans-serif; font-size: 14pt;\">tager sig af alt omkring nye medlemmers optagelse i netv\u00e6rket<\/span><\/p><\/li><li><p><span style=\"font-family: Arial, sans-serif; font-size: 14pt;\">varetager den daglige \u00f8konomi og kontingentindbetaling<\/span><\/p><\/li><li><p><span style=\"font-family: Arial, sans-serif; font-size: 14pt;\">s\u00f8rger for dokumentation ved rapportering til myndighederne<\/span><\/p><\/li><\/ul><p><span style=\"font-family: Arial, sans-serif; font-size: 14pt;\"><strong>IT-gruppen (tr\u00e6ffes torsdage kl. 10 \u2013 14)<\/strong><\/span><\/p><ul><li><p><span style=\"font-family: Arial, sans-serif; font-size: 14pt;\">tager sig af netv\u00e6rkets IT-opgaver<\/span><\/p><\/li><li><p><span style=\"font-family: Arial, sans-serif; font-size: 14pt;\">st\u00f8tter grupperne<\/span><\/p><\/li><li><p><span style=\"font-family: Arial, sans-serif; font-size: 14pt;\">udarbejder og indf\u00f8rer nye IT-\u00f8nsker fra netv\u00e6rket<\/span><\/p><\/li><li><p><span style=\"font-family: Arial, sans-serif; font-size: 14pt;\">opdaterer og vedligeholder hjemmesiden<\/span><\/p><\/li><\/ul><p><span style=\"font-family: Arial, sans-serif;\"><span style=\"font-size: 14pt;\">Ved tilmeldingen til SEK <\/span><span style=\"font-size: medium;\"><span style=\"font-size: 14pt;\">tilkendegiver man, hvor mange timer man gerne vil bruge p\u00e5 at hj\u00e6lpe til i SEK. Man kan godt tilmelde sig mere end \u00e9n gruppe. Man bedes huske at give besked til tovholderne for de enkelte grupper, hvis man er forhindret i at komme. Det frivillige arbejde for SEK p\u00e5virker ikke din underst\u00f8ttelse eller andre forhold i din situation.<\/span><br \/><\/span><\/span><\/p>\t\t\t\t\t\t<\/div>\n\t\t\t\t<\/div>\n\t\t\t\t\t<\/div>\n\t\t<\/div>\n\t\t\t\t\t\t\t<\/div>\n\t\t<\/section>\n\t\t\t\t\t<\/div>\n\t\t<\/div>\n\t\t\t\t\t\t\t<\/div>\n\t\t<\/section>\n\t\t\t\t\t\t<\/div>\n\t\t\t\t\t<\/div>\n\t\t"},"excerpt":{"rendered":"<p>Arbejdsgrupper PR- og marketinggruppen (tr\u00e6ffes mandage kl. 10 \u2013 14) udf\u00e6rdiger skriftligt materiale for \u00f8vrige grupper, f.eks. annoncer og foldere\/brochurer planl\u00e6gger og koordinerer kampagner, pressemeddelelser, l\u00e6serbreve og andre indl\u00e6g Virksomhedsgruppen (tr\u00e6ffes tirsdage kl. 10 \u2013 14) planl\u00e6gger og udf\u00f8rer det ops\u00f8gende arbejde over for virksomheder og kommuner i lokalomr\u00e5det bes\u00f8ger udvalgte virksomheder og kommuner og [&hellip;]<\/p>\n","protected":false},"author":7,"featured_media":0,"parent":0,"menu_order":0,"comment_status":"closed","ping_status":"closed","template":"elementor_header_footer","meta":[],"x_date":"september 29, 2021","x_author":"kronjylland","x_gravatar":"https:\/\/secure.gravatar.com\/avatar\/435e40ceea319e7f5c75fffe931167e8?s=96&d=mm&r=g","x_metadata":{"_elementor_edit_mode":"builder","_elementor_template_type":"wp-page","_elementor_version":"3.4.4","_elementor_pro_version":"3.2.1","_elementor_page_settings":{"eael_ext_toc_title":"Table of Contents"},"_elementor_data":"[{\"id\":\"078ba83\",\"elType\":\"section\",\"settings\":{\"gap\":\"no\",\"content_position\":\"middle\",\"css_classes\":\"box-container\",\"margin\":{\"unit\":\"px\",\"top\":\"10\",\"right\":\"0\",\"bottom\":\"10\",\"left\":\"0\",\"isLinked\":\"1\"},\"eael_parallax_layers_list\":[],\"eael_cl_logics\":[{\"_id\":\"b95047f\"}]},\"elements\":[{\"id\":\"06a30ae\",\"elType\":\"column\",\"settings\":{\"_column_size\":\"100\",\"eael_cl_logics\":[{\"_id\":\"e12727c\"}]},\"elements\":[{\"id\":\"6a8b9ad\",\"elType\":\"section\",\"settings\":{\"gap\":\"no\",\"margin\":{\"unit\":\"px\",\"top\":\"30\",\"right\":\"0\",\"bottom\":\"40\",\"left\":\"0\",\"isLinked\":\"\"},\"custom_css\":\"selector {\\n    margin-left: 30px;\\n    margin-right: 30px;\\n}\",\"eael_parallax_layers_list\":[],\"eael_cl_logics\":[{\"_id\":\"6723317\"}]},\"elements\":[{\"id\":\"5ebf7e6\",\"elType\":\"column\",\"settings\":{\"_column_size\":\"100\",\"eael_cl_logics\":[{\"_id\":\"b7586f8\"}]},\"elements\":[{\"id\":\"1e725e5\",\"elType\":\"widget\",\"settings\":{\"editor\":\"<p><span style=\\\"font-size: 14pt;\\\"><strong><span style=\\\"font-family: arial, helvetica, sans-serif;\\\">Arbejdsgrupper<\\\/span><\\\/strong><\\\/span><\\\/p><p><span style=\\\"font-size: 14pt;\\\"><strong><span style=\\\"font-family: Arial, sans-serif;\\\">PR- og marketinggruppen (tr\\u00e6ffes mandage kl. 10 \\u2013 14)<\\\/span><\\\/strong><\\\/span><\\\/p><ul><li><p><span style=\\\"font-family: Arial, sans-serif; font-size: 14pt;\\\">udf\\u00e6rdiger skriftligt materiale for \\u00f8vrige grupper, f.eks. annoncer og foldere\\\/brochurer<\\\/span><\\\/p><\\\/li><li><p><span style=\\\"font-family: Arial, sans-serif; font-size: 14pt;\\\">planl\\u00e6gger og koordinerer kampagner, pressemeddelelser, l\\u00e6serbreve og andre indl\\u00e6g<\\\/span><\\\/p><\\\/li><\\\/ul><p><span style=\\\"font-family: Arial, sans-serif; font-size: 14pt;\\\"><strong>Virksomhedsgruppen (tr\\u00e6ffes tirsdage kl. 10 \\u2013 14)<\\\/strong><\\\/span><\\\/p><ul><li><p><span style=\\\"font-family: Arial, sans-serif; font-size: 14pt;\\\">planl\\u00e6gger og udf\\u00f8rer det ops\\u00f8gende arbejde over for virksomheder og kommuner i lokalomr\\u00e5det<\\\/span><\\\/p><\\\/li><li><p><span style=\\\"font-family: Arial, sans-serif; font-size: 14pt;\\\">bes\\u00f8ger udvalgte virksomheder og kommuner og fort\\u00e6ller om medlemmernes kompetencer og viden<\\\/span><\\\/p><\\\/li><\\\/ul><p><span style=\\\"font-family: Arial, sans-serif; font-size: 14pt;\\\"><strong>Medlems- og administrationsgruppen (tr\\u00e6ffes onsdage kl. 10 \\u2013 14)<\\\/strong><\\\/span><\\\/p><ul><li><p><span style=\\\"font-family: Arial, sans-serif; font-size: 14pt;\\\">planl\\u00e6gger og udf\\u00f8rer de aktiviteter, der skal g\\u00f8re SEK synlige over for kommende medlemmer<\\\/span><\\\/p><\\\/li><li><p><span style=\\\"font-family: Arial, sans-serif; font-size: 14pt;\\\">planl\\u00e6gger og udf\\u00f8rer arrangementer for nuv\\u00e6rende medlemmer<\\\/span><\\\/p><\\\/li><li><p><span style=\\\"font-family: Arial, sans-serif; font-size: 14pt;\\\">tager sig af alt omkring nye medlemmers optagelse i netv\\u00e6rket<\\\/span><\\\/p><\\\/li><li><p><span style=\\\"font-family: Arial, sans-serif; font-size: 14pt;\\\">varetager den daglige \\u00f8konomi og kontingentindbetaling<\\\/span><\\\/p><\\\/li><li><p><span style=\\\"font-family: Arial, sans-serif; font-size: 14pt;\\\">s\\u00f8rger for dokumentation ved rapportering til myndighederne<\\\/span><\\\/p><\\\/li><\\\/ul><p><span style=\\\"font-family: Arial, sans-serif; font-size: 14pt;\\\"><strong>IT-gruppen (tr\\u00e6ffes torsdage kl. 10 \\u2013 14)<\\\/strong><\\\/span><\\\/p><ul><li><p><span style=\\\"font-family: Arial, sans-serif; font-size: 14pt;\\\">tager sig af netv\\u00e6rkets IT-opgaver<\\\/span><\\\/p><\\\/li><li><p><span style=\\\"font-family: Arial, sans-serif; font-size: 14pt;\\\">st\\u00f8tter grupperne<\\\/span><\\\/p><\\\/li><li><p><span style=\\\"font-family: Arial, sans-serif; font-size: 14pt;\\\">udarbejder og indf\\u00f8rer nye IT-\\u00f8nsker fra netv\\u00e6rket<\\\/span><\\\/p><\\\/li><li><p><span style=\\\"font-family: Arial, sans-serif; font-size: 14pt;\\\">opdaterer og vedligeholder hjemmesiden<\\\/span><\\\/p><\\\/li><\\\/ul><p><span style=\\\"font-family: Arial, sans-serif;\\\"><span style=\\\"font-size: 14pt;\\\">Ved tilmeldingen til SEK <\\\/span><span style=\\\"font-size: medium;\\\"><span style=\\\"font-size: 14pt;\\\">tilkendegiver man, hvor mange timer man gerne vil bruge p\\u00e5 at hj\\u00e6lpe til i SEK. Man kan godt tilmelde sig mere end \\u00e9n gruppe. Man bedes huske at give besked til tovholderne for de enkelte grupper, hvis man er forhindret i at komme. Det frivillige arbejde for SEK p\\u00e5virker ikke din underst\\u00f8ttelse eller andre forhold i din situation.<\\\/span><br \\\/><\\\/span><\\\/span><\\\/p>\",\"eael_tooltip_section_content\":\"I am a tooltip\",\"eael_ext_content_protection_password_placeholder\":\"Enter Password\",\"eael_ext_content_protection_password_submit_btn_txt\":\"Submit\",\"eael_ext_content_protection_password_incorrect_message\":\"Password does not match.\",\"eael_cl_logics\":[{\"_id\":\"30fd403\"}]},\"elements\":[],\"widgetType\":\"text-editor\"}],\"isInner\":\"1\"}],\"isInner\":\"1\"}],\"isInner\":\"\"}],\"isInner\":\"\"}]","_elementor_page_assets":[],"_eael_custom_js":"","_elementor_controls_usage":{"text-editor":{"count":1,"control_percent":1,"controls":{"content":{"section_editor":{"editor":1}},"advanced":{"eael_conditional_logic_section":{"eael_cl_logics":1}}}},"column":{"count":2,"control_percent":0,"controls":{"advanced":{"eael_conditional_logic_section":{"eael_cl_logics":2}}}},"section":{"count":2,"control_percent":1,"controls":{"layout":{"section_layout":{"gap":2,"content_position":1}},"advanced":{"section_advanced":{"margin":2,"css_classes":1},"section_custom_css":{"custom_css":1},"eael_conditional_logic_section":{"eael_cl_logics":2}}}}},"_elementor_css":{"time":1746184526,"fonts":[],"icons":[],"dynamic_elements_ids":[],"status":"file","0":""}},"_links":{"self":[{"href":"https:\/\/seniorerhverv.org\/kronjylland\/wp-json\/wp\/v2\/pages\/232"}],"collection":[{"href":"https:\/\/seniorerhverv.org\/kronjylland\/wp-json\/wp\/v2\/pages"}],"about":[{"href":"https:\/\/seniorerhverv.org\/kronjylland\/wp-json\/wp\/v2\/types\/page"}],"author":[{"embeddable":true,"href":"https:\/\/seniorerhverv.org\/kronjylland\/wp-json\/wp\/v2\/users\/7"}],"replies":[{"embeddable":true,"href":"https:\/\/seniorerhverv.org\/kronjylland\/wp-json\/wp\/v2\/comments?post=232"}],"version-history":[{"count":9,"href":"https:\/\/seniorerhverv.org\/kronjylland\/wp-json\/wp\/v2\/pages\/232\/revisions"}],"predecessor-version":[{"id":2081,"href":"https:\/\/seniorerhverv.org\/kronjylland\/wp-json\/wp\/v2\/pages\/232\/revisions\/2081"}],"wp:attachment":[{"href":"https:\/\/seniorerhverv.org\/kronjylland\/wp-json\/wp\/v2\/media?parent=232"}],"curies":[{"name":"wp","href":"https:\/\/api.w.org\/{rel}","templated":true}]}}

<div data-elementor-type="wp-page" data-elementor-id="232" class="elementor elementor-232" data-elementor-settings="[]">
							<div class="elementor-section-wrap">
							<section data-particle_enable="false" data-particle-mobile-disabled="false" class="elementor-section elementor-top-section elementor-element elementor-element-078ba83 elementor-section-content-middle box-container elementor-section-boxed elementor-section-height-default elementor-section-height-default" data-id="078ba83" data-element_type="section">
						<div class="elementor-container elementor-column-gap-no">
					<div class="elementor-column elementor-col-100 elementor-top-column elementor-element elementor-element-06a30ae" data-id="06a30ae" data-element_type="column">
			<div class="elementor-widget-wrap elementor-element-populated">
								<section data-particle_enable="false" data-particle-mobile-disabled="false" class="elementor-section elementor-inner-section elementor-element elementor-element-6a8b9ad elementor-section-boxed elementor-section-height-default elementor-section-height-default" data-id="6a8b9ad" data-element_type="section">
						<div class="elementor-container elementor-column-gap-no">
					<div class="elementor-column elementor-col-100 elementor-inner-column elementor-element elementor-element-5ebf7e6" data-id="5ebf7e6" data-element_type="column">
			<div class="elementor-widget-wrap elementor-element-populated">
								<div class="elementor-element elementor-element-1e725e5 elementor-widget elementor-widget-text-editor" data-id="1e725e5" data-element_type="widget" data-widget_type="text-editor.default">
				<div class="elementor-widget-container">
							<p><span style="font-size: 14pt;"><strong><span style="font-family: arial, helvetica, sans-serif;">Arbejdsgrupper</span></strong></span></p><p><span style="font-size: 14pt;"><strong><span style="font-family: Arial, sans-serif;">PR- og marketinggruppen (træffes mandage kl. 10 – 14)</span></strong></span></p><ul><li><p><span style="font-family: Arial, sans-serif; font-size: 14pt;">udfærdiger skriftligt materiale for øvrige grupper, f.eks. annoncer og foldere/brochurer</span></p></li><li><p><span style="font-family: Arial, sans-serif; font-size: 14pt;">planlægger og koordinerer kampagner, pressemeddelelser, læserbreve og andre indlæg</span></p></li></ul><p><span style="font-family: Arial, sans-serif; font-size: 14pt;"><strong>Virksomhedsgruppen (træffes tirsdage kl. 10 – 14)</strong></span></p><ul><li><p><span style="font-family: Arial, sans-serif; font-size: 14pt;">planlægger og udfører det opsøgende arbejde over for virksomheder og kommuner i lokalområdet</span></p></li><li><p><span style="font-family: Arial, sans-serif; font-size: 14pt;">besøger udvalgte virksomheder og kommuner og fortæller om medlemmernes kompetencer og viden</span></p></li></ul><p><span style="font-family: Arial, sans-serif; font-size: 14pt;"><strong>Medlems- og administrationsgruppen (træffes onsdage kl. 10 – 14)</strong></span></p><ul><li><p><span style="font-family: Arial, sans-serif; font-size: 14pt;">planlægger og udfører de aktiviteter, der skal gøre SEK synlige over for kommende medlemmer</span></p></li><li><p><span style="font-family: Arial, sans-serif; font-size: 14pt;">planlægger og udfører arrangementer for nuværende medlemmer</span></p></li><li><p><span style="font-family: Arial, sans-serif; font-size: 14pt;">tager sig af alt omkring nye medlemmers optagelse i netværket</span></p></li><li><p><span style="font-family: Arial, sans-serif; font-size: 14pt;">varetager den daglige økonomi og kontingentindbetaling</span></p></li><li><p><span style="font-family: Arial, sans-serif; font-size: 14pt;">sørger for dokumentation ved rapportering til myndighederne</span></p></li></ul><p><span style="font-family: Arial, sans-serif; font-size: 14pt;"><strong>IT-gruppen (træffes torsdage kl. 10 – 14)</strong></span></p><ul><li><p><span style="font-family: Arial, sans-serif; font-size: 14pt;">tager sig af netværkets IT-opgaver</span></p></li><li><p><span style="font-family: Arial, sans-serif; font-size: 14pt;">støtter grupperne</span></p></li><li><p><span style="font-family: Arial, sans-serif; font-size: 14pt;">udarbejder og indfører nye IT-ønsker fra netværket</span></p></li><li><p><span style="font-family: Arial, sans-serif; font-size: 14pt;">opdaterer og vedligeholder hjemmesiden</span></p></li></ul><p><span style="font-family: Arial, sans-serif;"><span style="font-size: 14pt;">Ved tilmeldingen til SEK </span><span style="font-size: medium;"><span style="font-size: 14pt;">tilkendegiver man, hvor mange timer man gerne vil bruge på at hjælpe til i SEK. Man kan godt tilmelde sig mere end én gruppe. Man bedes huske at give besked til tovholderne for de enkelte grupper, hvis man er forhindret i at komme. Det frivillige arbejde for SEK påvirker ikke din understøttelse eller andre forhold i din situation.</span><br /></span></span></p>						</div>
				</div>
					</div>
		</div>
							</div>
		</section>
					</div>
		</div>
							</div>
		</section>
						</div>
					</div>

<p>Arbejdsgrupper PR- og marketinggruppen (træffes mandage kl. 10 – 14) udfærdiger skriftligt materiale for øvrige grupper, f.eks. annoncer og foldere/brochurer planlægger og koordinerer kampagner, pressemeddelelser, læserbreve og andre indlæg Virksomhedsgruppen (træffes tirsdage kl. 10 – 14) planlægger og udfører det opsøgende arbejde over for virksomheder og kommuner i lokalområdet besøger udvalgte virksomheder og kommuner og [&hellip;]</p>
