{"id":116,"date":"2021-09-29T17:28:20","date_gmt":"2021-09-29T17:28:20","guid":{"rendered":"https:\/\/seniorerhverv.org\/kronjylland\/?page_id=116"},"modified":"2022-09-16T12:00:30","modified_gmt":"2022-09-16T12:00:30","slug":"virksomheder","status":"publish","type":"page","link":"https:\/\/seniorerhverv.org\/kronjylland\/virksomheder\/","title":{"rendered":"Virksomheder"},"content":{"rendered":"\t\t<div data-elementor-type=\"wp-page\" data-elementor-id=\"116\" class=\"elementor elementor-116\" data-elementor-settings=\"[]\">\n\t\t\t\t\t\t\t<div class=\"elementor-section-wrap\">\n\t\t\t\t\t\t\t<section data-particle_enable=\"false\" data-particle-mobile-disabled=\"false\" class=\"elementor-section elementor-top-section elementor-element elementor-element-078ba83 elementor-section-content-middle box-container elementor-section-boxed elementor-section-height-default elementor-section-height-default\" data-id=\"078ba83\" data-element_type=\"section\">\n\t\t\t\t\t\t<div class=\"elementor-container elementor-column-gap-no\">\n\t\t\t\t\t<div class=\"elementor-column elementor-col-100 elementor-top-column elementor-element elementor-element-06a30ae\" data-id=\"06a30ae\" data-element_type=\"column\">\n\t\t\t<div class=\"elementor-widget-wrap elementor-element-populated\">\n\t\t\t\t\t\t\t\t<section data-particle_enable=\"false\" data-particle-mobile-disabled=\"false\" class=\"elementor-section elementor-inner-section elementor-element elementor-element-6a8b9ad elementor-section-boxed elementor-section-height-default elementor-section-height-default\" data-id=\"6a8b9ad\" data-element_type=\"section\">\n\t\t\t\t\t\t<div class=\"elementor-container elementor-column-gap-no\">\n\t\t\t\t\t<div class=\"elementor-column elementor-col-100 elementor-inner-column elementor-element elementor-element-5ebf7e6\" data-id=\"5ebf7e6\" data-element_type=\"column\">\n\t\t\t<div class=\"elementor-widget-wrap elementor-element-populated\">\n\t\t\t\t\t\t\t\t<div class=\"elementor-element elementor-element-1e725e5 elementor-widget elementor-widget-text-editor\" data-id=\"1e725e5\" data-element_type=\"widget\" data-widget_type=\"text-editor.default\">\n\t\t\t\t<div class=\"elementor-widget-container\">\n\t\t\t\t\t\t\t<p>Her kan du v\u00e6lge, om din nye medarbejder skal v\u00e6re p\u00e5 fuld tid, deltid eller tidsbegr\u00e6nset.<\/p><ul class=\"pil\"><li>Du b\u00f8r ogs\u00e5 v\u00e6lge hjemstedskommune for arbejdspladsen.<\/li><li>N\u00e5r listen med billeder og mini-CV er fremme, kan du klikke p\u00e5 billede eller tekst, hvorved det fulde CV fremkommer.<\/li><li>Du kan ogs\u00e5 udskrive Mini-CV&#8217;erne med billeder.<\/li><li>Sorteringen starter med det arbejdssted (den kommune), der v\u00e6lges.<\/li><\/ul><p>\u00a0<\/p><p>Hvis der ikke vises noget herunder, er det fordi du har indl\u00e6st siden som en sikker side, men indholdet herunder er ikke sikkert. Du kan v\u00e6lge at genindl\u00e6se siden\u00a0som en\u00a0<strong>http:\/\/<\/strong>\u00a0side frem for en\u00a0<strong>https:\/\/<\/strong>\u00a0side s\u00e5 vil det virke men dette er imidlertid ikke sikkert at bruge. Alternativt kan du i din browser indstille denne til ikke at blokere usikkert indhold indtil det rettes it-administrativt, s\u00e5ledes at sikkerheden igen bliver komplet.<\/p>\t\t\t\t\t\t<\/div>\n\t\t\t\t<\/div>\n\t\t\t\t<div class=\"elementor-element elementor-element-f74d4da elementor-align-center elementor-widget elementor-widget-button\" data-id=\"f74d4da\" data-element_type=\"widget\" data-widget_type=\"button.default\">\n\t\t\t\t<div class=\"elementor-widget-container\">\n\t\t\t\t\t<div class=\"elementor-button-wrapper\">\n\t\t\t<a href=\"https:\/\/medlem.senior-erhverv.dk\/cv\/8900\" target=\"_blank\" class=\"elementor-button-link elementor-button elementor-size-sm\" role=\"button\">\n\t\t\t\t\t\t<span class=\"elementor-button-content-wrapper\">\n\t\t\t\t\t\t<span class=\"elementor-button-text\">Til CV-databasen<\/span>\n\t\t<\/span>\n\t\t\t\t\t<\/a>\n\t\t<\/div>\n\t\t\t\t<\/div>\n\t\t\t\t<\/div>\n\t\t\t\t\t<\/div>\n\t\t<\/div>\n\t\t\t\t\t\t\t<\/div>\n\t\t<\/section>\n\t\t\t\t\t<\/div>\n\t\t<\/div>\n\t\t\t\t\t\t\t<\/div>\n\t\t<\/section>\n\t\t\t\t\t\t<\/div>\n\t\t\t\t\t<\/div>\n\t\t"},"excerpt":{"rendered":"<p>Her kan du v\u00e6lge, om din nye medarbejder skal v\u00e6re p\u00e5 fuld tid, deltid eller tidsbegr\u00e6nset. Du b\u00f8r ogs\u00e5 v\u00e6lge hjemstedskommune for arbejdspladsen. N\u00e5r listen med billeder og mini-CV er fremme, kan du klikke p\u00e5 billede eller tekst, hvorved det fulde CV fremkommer. Du kan ogs\u00e5 udskrive Mini-CV&#8217;erne med billeder. Sorteringen starter med det arbejdssted [&hellip;]<\/p>\n","protected":false},"author":7,"featured_media":0,"parent":0,"menu_order":0,"comment_status":"closed","ping_status":"closed","template":"elementor_header_footer","meta":[],"x_date":"september 29, 2021","x_author":"kronjylland","x_gravatar":"https:\/\/secure.gravatar.com\/avatar\/435e40ceea319e7f5c75fffe931167e8?s=96&d=mm&r=g","x_metadata":{"_elementor_edit_mode":"builder","_elementor_template_type":"wp-page","_elementor_version":"3.4.4","_elementor_pro_version":"3.2.1","_elementor_page_settings":{"eael_ext_toc_title":"Table of Contents"},"_elementor_data":"[{\"id\":\"078ba83\",\"elType\":\"section\",\"settings\":{\"gap\":\"no\",\"content_position\":\"middle\",\"css_classes\":\"box-container\",\"margin\":{\"unit\":\"px\",\"top\":\"10\",\"right\":\"0\",\"bottom\":\"10\",\"left\":\"0\",\"isLinked\":\"1\"}},\"elements\":[{\"id\":\"06a30ae\",\"elType\":\"column\",\"settings\":{\"_column_size\":\"100\"},\"elements\":[{\"id\":\"6a8b9ad\",\"elType\":\"section\",\"settings\":{\"gap\":\"no\",\"margin\":{\"unit\":\"px\",\"top\":\"30\",\"right\":\"0\",\"bottom\":\"40\",\"left\":\"0\",\"isLinked\":\"\"},\"custom_css\":\"selector {\\n    margin-left: 30px;\\n    margin-right: 30px;\\n}\"},\"elements\":[{\"id\":\"5ebf7e6\",\"elType\":\"column\",\"settings\":{\"_column_size\":\"100\"},\"elements\":[{\"id\":\"1e725e5\",\"elType\":\"widget\",\"settings\":{\"editor\":\"<p>Her kan du v\\u00e6lge, om din nye medarbejder skal v\\u00e6re p\\u00e5 fuld tid, deltid eller tidsbegr\\u00e6nset.<\\\/p><ul class=\\\"pil\\\"><li>Du b\\u00f8r ogs\\u00e5 v\\u00e6lge hjemstedskommune for arbejdspladsen.<\\\/li><li>N\\u00e5r listen med billeder og mini-CV er fremme, kan du klikke p\\u00e5 billede eller tekst, hvorved det fulde CV fremkommer.<\\\/li><li>Du kan ogs\\u00e5 udskrive Mini-CV'erne med billeder.<\\\/li><li>Sorteringen starter med det arbejdssted (den kommune), der v\\u00e6lges.<\\\/li><\\\/ul><p>\\u00a0<\\\/p><p>Hvis der ikke vises noget herunder, er det fordi du har indl\\u00e6st siden som en sikker side, men indholdet herunder er ikke sikkert. Du kan v\\u00e6lge at genindl\\u00e6se siden\\u00a0som en\\u00a0<strong>http:\\\/\\\/<\\\/strong>\\u00a0side frem for en\\u00a0<strong>https:\\\/\\\/<\\\/strong>\\u00a0side s\\u00e5 vil det virke men dette er imidlertid ikke sikkert at bruge. Alternativt kan du i din browser indstille denne til ikke at blokere usikkert indhold indtil det rettes it-administrativt, s\\u00e5ledes at sikkerheden igen bliver komplet.<\\\/p>\",\"eael_tooltip_section_content\":\"I am a tooltip\",\"eael_ext_content_protection_password_placeholder\":\"Enter Password\",\"eael_ext_content_protection_password_submit_btn_txt\":\"Submit\"},\"elements\":[],\"widgetType\":\"text-editor\"},{\"id\":\"f74d4da\",\"elType\":\"widget\",\"settings\":{\"text\":\"Til CV-databasen\",\"link\":{\"url\":\"https:\\\/\\\/medlem.senior-erhverv.dk\\\/cv\\\/8900\",\"is_external\":\"on\",\"nofollow\":\"\",\"custom_attributes\":\"\"},\"align\":\"center\",\"typography_typography\":\"custom\",\"typography_font_size\":{\"unit\":\"px\",\"size\":\"18\",\"sizes\":[]},\"button_text_color\":\"#FFFFFF\",\"background_color\":\"#61CE70\",\"border_radius\":{\"unit\":\"px\",\"top\":\"6\",\"right\":\"6\",\"bottom\":\"6\",\"left\":\"6\",\"isLinked\":\"1\"},\"text_padding\":{\"unit\":\"px\",\"top\":\"15\",\"right\":\"50\",\"bottom\":\"15\",\"left\":\"50\",\"isLinked\":\"\"},\"eael_tooltip_section_content\":\"I am a tooltip\",\"eael_ext_content_protection_password_placeholder\":\"Enter Password\",\"eael_ext_content_protection_password_submit_btn_txt\":\"Submit\",\"button_background_hover_color\":\"#94CE9C\",\"custom_css\":\"selector .elementor-button-link {\\n    border: 2px solid #000;\\n    border-top-color: #555;\\n    border-left-color: #555;\\n}\\nselector .elementor-button-link:active {\\n    border-color: #000 #555 #555 #000;\\n}\",\"__globals__\":{\"background_color\":\"globals\\\/colors?id=accent\",\"button_background_hover_color\":\"\"}},\"elements\":[],\"widgetType\":\"button\"}],\"isInner\":\"1\"}],\"isInner\":\"1\"}],\"isInner\":\"\"}],\"isInner\":\"\"}]","_elementor_page_assets":[],"_elementor_controls_usage":{"text-editor":{"count":1,"control_percent":0,"controls":{"content":{"section_editor":{"editor":1}}}},"button":{"count":1,"control_percent":4,"controls":{"content":{"section_button":{"text":1,"link":1,"align":1}},"style":{"section_style":{"typography_typography":1,"typography_font_size":1,"button_text_color":1,"background_color":1,"border_radius":1,"text_padding":1,"button_background_hover_color":1}},"advanced":{"section_custom_css":{"custom_css":1}}}},"column":{"count":2,"control_percent":0,"controls":[]},"section":{"count":2,"control_percent":1,"controls":{"layout":{"section_layout":{"gap":2,"content_position":1}},"advanced":{"section_advanced":{"margin":2,"css_classes":1},"section_custom_css":{"custom_css":1}}}}},"_eael_custom_js":"","_elementor_css":{"time":1746163896,"fonts":[],"icons":[""],"dynamic_elements_ids":[],"status":"file","0":""}},"_links":{"self":[{"href":"https:\/\/seniorerhverv.org\/kronjylland\/wp-json\/wp\/v2\/pages\/116"}],"collection":[{"href":"https:\/\/seniorerhverv.org\/kronjylland\/wp-json\/wp\/v2\/pages"}],"about":[{"href":"https:\/\/seniorerhverv.org\/kronjylland\/wp-json\/wp\/v2\/types\/page"}],"author":[{"embeddable":true,"href":"https:\/\/seniorerhverv.org\/kronjylland\/wp-json\/wp\/v2\/users\/7"}],"replies":[{"embeddable":true,"href":"https:\/\/seniorerhverv.org\/kronjylland\/wp-json\/wp\/v2\/comments?post=116"}],"version-history":[{"count":0,"href":"https:\/\/seniorerhverv.org\/kronjylland\/wp-json\/wp\/v2\/pages\/116\/revisions"}],"wp:attachment":[{"href":"https:\/\/seniorerhverv.org\/kronjylland\/wp-json\/wp\/v2\/media?parent=116"}],"curies":[{"name":"wp","href":"https:\/\/api.w.org\/{rel}","templated":true}]}}